CRAN Package Check Results for Package ADMM

Last updated on 2020-01-27 07:54:52 CET.

Flavor Version Tinstall Tcheck Ttotal Status Flags
r-devel-linux-x86_64-debian-clang 0.3.1 160.10 61.94 222.04 OK
r-devel-linux-x86_64-debian-gcc 0.3.1 119.60 49.63 169.23 OK
r-devel-linux-x86_64-fedora-clang 0.3.1 312.79 NOTE
r-devel-linux-x86_64-fedora-gcc 0.3.1 302.14 OK
r-devel-windows-ix86+x86_64 0.3.1 381.00 150.00 531.00 OK
r-devel-windows-ix86+x86_64-gcc8 0.3.1 409.00 114.00 523.00 OK
r-patched-linux-x86_64 0.3.1 127.31 55.92 183.23 OK
r-patched-solaris-x86 0.3.1 287.10 OK
r-release-linux-x86_64 0.3.1 128.04 55.87 183.91 OK
r-release-windows-ix86+x86_64 0.3.1 274.00 100.00 374.00 OK
r-release-osx-x86_64 0.3.1 NOTE
r-oldrel-windows-ix86+x86_64 0.3.1 262.00 87.00 349.00 OK
r-oldrel-osx-x86_64 0.3.1 NOTE

Check Details

Version: 0.3.1
Check: installed package size
Result: NOTE
     installed size is 8.3Mb
     sub-directories of 1Mb or more:
     libs 8.1Mb
Flavors: r-devel-linux-x86_64-fedora-clang, r-release-osx-x86_64, r-oldrel-osx-x86_64