CRAN Package Check Results for Package AHM

Last updated on 2020-02-18 23:48:24 CET.

Flavor Version Tinstall Tcheck Ttotal Status Flags
r-devel-linux-x86_64-debian-clang 1.0.1 17.26 96.62 113.88 OK
r-devel-linux-x86_64-debian-gcc 1.0.1 15.57 76.14 91.71 OK
r-devel-linux-x86_64-fedora-clang 1.0.1 137.67 NOTE
r-devel-linux-x86_64-fedora-gcc 1.0.1 137.35 NOTE
r-devel-windows-ix86+x86_64 1.0.1 35.00 105.00 140.00 OK
r-devel-windows-ix86+x86_64-gcc8 1.0.1 46.00 144.00 190.00 OK
r-patched-linux-x86_64 1.0.1 15.82 83.90 99.72 OK
r-patched-solaris-x86 1.0.1 192.20 NOTE
r-release-linux-x86_64 1.0.1 14.75 83.42 98.17 OK
r-release-windows-ix86+x86_64 1.0.1 22.00 112.00 134.00 OK
r-release-osx-x86_64 1.0.1 NOTE
r-oldrel-windows-ix86+x86_64 1.0.1 14.00 94.00 108.00 OK
r-oldrel-osx-x86_64 1.0.1 NOTE

Check Details

Version: 1.0.1
Check: dependencies in R code
Result: NOTE
    Namespaces in Imports field not imported from:
     ‘devtools’ ‘mixexp’
     All declared Imports should be used.
Flavors: r-devel-linux-x86_64-fedora-clang, r-devel-linux-x86_64-fedora-gcc, r-patched-solaris-x86, r-release-osx-x86_64, r-oldrel-osx-x86_64