CRAN Package Check Results for Package AntMAN

Last updated on 2020-01-19 07:56:11 CET.

Flavor Version Tinstall Tcheck Ttotal Status Flags
r-devel-linux-x86_64-debian-clang 1.0 84.90 127.28 212.18 OK
r-devel-linux-x86_64-debian-gcc 1.0 59.49 119.99 179.48 OK
r-devel-linux-x86_64-fedora-clang 1.0 264.05 NOTE
r-devel-linux-x86_64-fedora-gcc 1.0 290.24 OK
r-devel-windows-ix86+x86_64 1.0 210.00 369.00 579.00 OK
r-devel-windows-ix86+x86_64-gcc8 1.0 159.00 300.00 459.00 OK
r-patched-linux-x86_64 1.0 65.50 132.51 198.01 OK
r-release-linux-x86_64 1.0 63.31 148.14 211.45 OK
r-release-windows-ix86+x86_64 1.0 204.00 373.00 577.00 OK
r-release-osx-x86_64 1.0 NOTE
r-oldrel-windows-ix86+x86_64 1.0 187.00 366.00 553.00 OK
r-oldrel-osx-x86_64 1.0 NOTE

Check Details

Version: 1.0
Check: installed package size
Result: NOTE
     installed size is 5.0Mb
     sub-directories of 1Mb or more:
     libs 4.7Mb
Flavors: r-devel-linux-x86_64-fedora-clang, r-release-osx-x86_64, r-oldrel-osx-x86_64