CRAN Package Check Results for Package Anthropometry

Last updated on 2020-01-16 17:48:03 CET.

Flavor Version Tinstall Tcheck Ttotal Status Flags
r-devel-linux-x86_64-debian-clang 1.13 15.86 118.67 134.53 OK
r-devel-linux-x86_64-debian-gcc 1.13 12.72 89.78 102.50 OK
r-devel-linux-x86_64-fedora-clang 1.13 169.80 WARN
r-devel-linux-x86_64-fedora-gcc 1.13 158.77 OK
r-devel-windows-ix86+x86_64 1.13 57.00 253.00 310.00 OK
r-devel-windows-ix86+x86_64-gcc8 1.13 36.00 187.00 223.00 OK
r-patched-linux-x86_64 1.13 11.71 106.25 117.96 OK
r-patched-solaris-x86 1.13 192.60 OK
r-release-linux-x86_64 1.13 13.11 104.62 117.73 OK
r-release-windows-ix86+x86_64 1.13 41.00 236.00 277.00 OK
r-release-osx-x86_64 1.13 WARN
r-oldrel-windows-ix86+x86_64 1.13 28.00 239.00 267.00 OK
r-oldrel-osx-x86_64 1.13 WARN

Check Details

Version: 1.13
Check: package dependencies
Result: WARN
    Requires orphaned package: ‘biclust’
Flavor: r-devel-linux-x86_64-fedora-clang

Version: 1.13
Check: whether package can be installed
Result: WARN
    Found the following significant warnings:
     Warning: 'rgl_init' failed, running with rgl.useNULL = TRUE
Flavors: r-release-osx-x86_64, r-oldrel-osx-x86_64

Version: 1.13
Check: dependencies in R code
Result: NOTE
    No protocol specified
Flavors: r-release-osx-x86_64, r-oldrel-osx-x86_64

Version: 1.13
Check: S3 generic/method consistency
Result: WARN
    No protocol specified
    See section ‘Generic functions and methods’ in the ‘Writing R
    Extensions’ manual.
Flavors: r-release-osx-x86_64, r-oldrel-osx-x86_64

Version: 1.13
Check: replacement functions
Result: WARN
    No protocol specified
    The argument of a replacement function which corresponds to the right
    hand side must be named ‘value’.
Flavors: r-release-osx-x86_64, r-oldrel-osx-x86_64

Version: 1.13
Check: foreign function calls
Result: NOTE
    No protocol specified
    See chapter ‘System and foreign language interfaces’ in the ‘Writing R
    Extensions’ manual.
Flavors: r-release-osx-x86_64, r-oldrel-osx-x86_64

Version: 1.13
Check: R code for possible problems
Result: NOTE
    No protocol specified
Flavors: r-release-osx-x86_64, r-oldrel-osx-x86_64

Version: 1.13
Check: for missing documentation entries
Result: WARN
    No protocol specified
    All user-level objects in a package should have documentation entries.
    See chapter ‘Writing R documentation files’ in the ‘Writing R
    Extensions’ manual.
Flavors: r-release-osx-x86_64, r-oldrel-osx-x86_64

Version: 1.13
Check: for code/documentation mismatches
Result: WARN
    No protocol specified
    No protocol specified
    No protocol specified
Flavors: r-release-osx-x86_64, r-oldrel-osx-x86_64

Version: 1.13
Check: Rd \usage sections
Result: NOTE
    No protocol specified
    The \usage entries for S3 methods should use the \method markup and not
    their full name.
    See chapter ‘Writing R documentation files’ in the ‘Writing R
    Extensions’ manual.
Flavors: r-release-osx-x86_64, r-oldrel-osx-x86_64