CRAN Package Check Results for Package ArchaeoPhases

Last updated on 2019-12-08 07:58:38 CET.

Flavor Version Tinstall Tcheck Ttotal Status Flags
r-devel-linux-x86_64-debian-clang 1.4 8.52 160.77 169.29 NOTE
r-devel-linux-x86_64-debian-gcc 1.4 8.13 117.64 125.77 NOTE
r-devel-linux-x86_64-fedora-clang 1.4 200.51 NOTE
r-devel-linux-x86_64-fedora-gcc 1.4 197.34 NOTE
r-devel-windows-ix86+x86_64 1.4 19.00 163.00 182.00 OK
r-devel-windows-ix86+x86_64-gcc8 1.4 20.00 168.00 188.00 OK
r-patched-linux-x86_64 1.4 7.97 139.52 147.49 OK
r-patched-solaris-x86 1.4 280.40 NOTE
r-release-linux-x86_64 1.4 8.26 138.44 146.70 OK
r-release-windows-ix86+x86_64 1.4 16.00 155.00 171.00 OK
r-release-osx-x86_64 1.4 NOTE
r-oldrel-windows-ix86+x86_64 1.4 11.00 162.00 173.00 OK
r-oldrel-osx-x86_64 1.4 NOTE

Check Details

Version: 1.4
Check: for non-standard things in the check directory
Result: NOTE
    Found the following files/directories:
     'CharacteristicsOfPhase.svg' 'Characteristics_Event.2.svg'
     'MinMaxPhases.csv' 'MultiPhasePlot.png' 'MultiSuccessionPlot.svg'
     'Succession.png' 'data.csv' 'fishpond_MCMC.csv'
Flavors: r-devel-linux-x86_64-debian-clang, r-devel-linux-x86_64-debian-gcc, r-devel-linux-x86_64-fedora-clang, r-devel-linux-x86_64-fedora-gcc

Version: 1.4
Check: dependencies in R code
Result: NOTE
    Namespace in Imports field not imported from: ‘DT’
     All declared Imports should be used.
Flavors: r-devel-linux-x86_64-fedora-clang, r-devel-linux-x86_64-fedora-gcc, r-patched-solaris-x86, r-release-osx-x86_64, r-oldrel-osx-x86_64