CRAN Package Check Results for Package BCellMA

Last updated on 2020-01-18 07:59:41 CET.

Flavor Version Tinstall Tcheck Ttotal Status Flags
r-devel-linux-x86_64-debian-clang 0.3.4 5.54 57.28 62.82 NOTE
r-devel-linux-x86_64-debian-gcc 0.3.4 4.32 43.01 47.33 NOTE
r-devel-linux-x86_64-fedora-clang 0.3.4 73.44 OK
r-devel-linux-x86_64-fedora-gcc 0.3.4 74.12 OK
r-devel-windows-ix86+x86_64 0.3.4 21.00 88.00 109.00 NOTE
r-devel-windows-ix86+x86_64-gcc8 0.3.4 14.00 72.00 86.00 NOTE
r-patched-linux-x86_64 0.3.4 4.45 49.99 54.44 OK
r-patched-solaris-x86 0.3.4 98.80 OK
r-release-linux-x86_64 0.3.4 4.67 50.16 54.83 OK
r-release-windows-ix86+x86_64 0.3.4 20.00 55.00 75.00 OK
r-release-osx-x86_64 0.3.4 OK
r-oldrel-windows-ix86+x86_64 0.3.4 10.00 89.00 99.00 OK
r-oldrel-osx-x86_64 0.3.4 OK

Check Details

Version: 0.3.4
Check: package vignettes
Result: NOTE
    Package vignette with placeholder title 'Vignette Title':
     'vignette.Rmd'
Flavors: r-devel-linux-x86_64-debian-clang, r-devel-linux-x86_64-debian-gcc, r-devel-windows-ix86+x86_64, r-devel-windows-ix86+x86_64-gcc8