CRAN Package Check Results for Package BOSSreg

Last updated on 2020-02-27 07:49:32 CET.

Flavor Version Tinstall Tcheck Ttotal Status Flags
r-devel-linux-x86_64-debian-clang 0.1.0 28.96 41.45 70.41 OK
r-devel-linux-x86_64-debian-gcc 0.1.0 19.57 33.14 52.71 OK
r-devel-linux-x86_64-fedora-clang 0.1.0 98.62 OK
r-devel-linux-x86_64-fedora-gcc 0.1.0 90.11 OK
r-devel-windows-ix86+x86_64 0.1.0 54.00 77.00 131.00 OK
r-devel-windows-ix86+x86_64-gcc8 0.1.0 63.00 79.00 142.00 OK
r-patched-linux-x86_64 0.1.0 26.36 38.40 64.76 OK
r-patched-solaris-x86 0.1.0 101.10 OK
r-release-linux-x86_64 0.1.0 22.25 38.47 60.72 OK
r-release-windows-ix86+x86_64 0.1.0 53.00 74.00 127.00 OK
r-release-osx-x86_64 0.1.0 OK
r-oldrel-windows-ix86+x86_64 0.1.0 48.00 76.00 124.00 OK
r-oldrel-osx-x86_64 0.1.0 WARN

Check Details

Version: 0.1.0
Check: re-building of vignette outputs
Result: WARN
    Error in re-building vignettes:
     ...
    Warning in engine$weave(file, quiet = quiet, encoding = enc) :
     Pandoc (>= 1.12.3) and/or pandoc-citeproc not available. Falling back to R Markdown v1.
    Quitting from lines 308-333 (BOSSreg.Rmd)
    Error: processing vignette 'BOSSreg.Rmd' failed with diagnostics:
    cannot open the connection to 'https://raw.githubusercontent.com/sentian/BOSSreg/master/r-package/vignettes/realdata.rds'
    Execution halted
Flavor: r-oldrel-osx-x86_64