CRAN Package Check Results for Package BayesFactor

Last updated on 2020-01-18 07:59:41 CET.

Flavor Version Tinstall Tcheck Ttotal Status Flags
r-devel-linux-x86_64-debian-clang 0.9.12-4.2 256.12 301.58 557.70 OK
r-devel-linux-x86_64-debian-gcc 0.9.12-4.2 165.48 226.70 392.18 OK
r-devel-linux-x86_64-fedora-clang 0.9.12-4.2 708.58 NOTE
r-devel-linux-x86_64-fedora-gcc 0.9.12-4.2 698.61 OK
r-devel-windows-ix86+x86_64 0.9.12-4.2 580.00 473.00 1053.00 NOTE
r-devel-windows-ix86+x86_64-gcc8 0.9.12-4.2 484.00 350.00 834.00 NOTE
r-patched-linux-x86_64 0.9.12-4.2 193.41 266.31 459.72 OK
r-patched-solaris-x86 0.9.12-4.2 744.40 NOTE
r-release-linux-x86_64 0.9.12-4.2 195.24 266.04 461.28 OK
r-release-windows-ix86+x86_64 0.9.12-4.2 606.00 428.00 1034.00 NOTE
r-release-osx-x86_64 0.9.12-4.2 NOTE
r-oldrel-windows-ix86+x86_64 0.9.12-4.2 505.00 358.00 863.00 NOTE
r-oldrel-osx-x86_64 0.9.12-4.2 NOTE

Check Details

Version: 0.9.12-4.2
Check: installed package size
Result: NOTE
     installed size is 21.4Mb
     sub-directories of 1Mb or more:
     doc 5.4Mb
     libs 14.9Mb
Flavors: r-devel-linux-x86_64-fedora-clang, r-devel-windows-ix86+x86_64, r-devel-windows-ix86+x86_64-gcc8, r-patched-solaris-x86, r-release-windows-ix86+x86_64, r-release-osx-x86_64, r-oldrel-windows-ix86+x86_64, r-oldrel-osx-x86_64

Version: 0.9.12-4.2
Check: package dependencies
Result: NOTE
    Package suggested but not available for checking: 'doMC'
Flavors: r-devel-windows-ix86+x86_64, r-devel-windows-ix86+x86_64-gcc8, r-release-windows-ix86+x86_64, r-oldrel-windows-ix86+x86_64