CRAN Package Check Results for Package BioInstaller

Last updated on 2020-01-22 07:56:59 CET.

Flavor Version Tinstall Tcheck Ttotal Status Flags
r-devel-linux-x86_64-debian-clang 0.3.7 13.52 140.07 153.59 NOTE
r-devel-linux-x86_64-debian-gcc 0.3.7 11.73 106.45 118.18 NOTE
r-devel-linux-x86_64-fedora-clang 0.3.7 181.54 NOTE
r-devel-linux-x86_64-fedora-gcc 0.3.7 179.67 NOTE
r-devel-windows-ix86+x86_64 0.3.7 70.00 267.00 337.00 NOTE
r-devel-windows-ix86+x86_64-gcc8 0.3.7 90.00 247.00 337.00 NOTE
r-patched-linux-x86_64 0.3.7 12.19 124.83 137.02 OK
r-patched-solaris-x86 0.3.7 224.20 NOTE
r-release-linux-x86_64 0.3.7 10.62 124.31 134.93 OK
r-release-windows-ix86+x86_64 0.3.7 47.00 153.00 200.00 NOTE
r-release-osx-x86_64 0.3.7 NOTE
r-oldrel-windows-ix86+x86_64 0.3.7 35.00 151.00 186.00 NOTE
r-oldrel-osx-x86_64 0.3.7 NOTE

Check Details

Version: 0.3.7
Check: for non-standard things in the check directory
Result: NOTE
    Found the following files/directories:
     'GRCh37_MT_ensGene.txt'
Flavors: r-devel-linux-x86_64-debian-clang, r-devel-linux-x86_64-debian-gcc, r-devel-linux-x86_64-fedora-clang, r-devel-linux-x86_64-fedora-gcc

Version: 0.3.7
Check: installed package size
Result: NOTE
     installed size is 11.7Mb
     sub-directories of 1Mb or more:
     doc 2.5Mb
     extdata 8.7Mb
Flavors: r-devel-linux-x86_64-fedora-clang, r-devel-windows-ix86+x86_64, r-devel-windows-ix86+x86_64-gcc8, r-patched-solaris-x86, r-release-windows-ix86+x86_64, r-release-osx-x86_64, r-oldrel-windows-ix86+x86_64, r-oldrel-osx-x86_64