CRAN Package Check Results for Package Biopeak

Last updated on 2020-01-22 07:56:59 CET.

Flavor Version Tinstall Tcheck Ttotal Status Flags
r-devel-linux-x86_64-debian-clang 1.0 5.48 54.36 59.84 OK
r-devel-linux-x86_64-debian-gcc 1.0 4.28 42.43 46.71 OK
r-devel-linux-x86_64-fedora-clang 1.0 71.89 WARN
r-devel-linux-x86_64-fedora-gcc 1.0 69.23 OK
r-devel-windows-ix86+x86_64 1.0 26.00 109.00 135.00 OK
r-devel-windows-ix86+x86_64-gcc8 1.0 33.00 96.00 129.00 OK
r-patched-linux-x86_64 1.0 4.76 49.19 53.95 OK
r-patched-solaris-x86 1.0 93.00 OK
r-release-linux-x86_64 1.0 4.27 48.42 52.69 OK
r-release-windows-ix86+x86_64 1.0 13.00 59.00 72.00 OK
r-release-osx-x86_64 1.0 OK
r-oldrel-windows-ix86+x86_64 1.0 8.00 64.00 72.00 OK
r-oldrel-osx-x86_64 1.0 OK

Check Details

Version: 1.0
Check: package dependencies
Result: WARN
    Requires orphaned package: ‘gplots’
Flavor: r-devel-linux-x86_64-fedora-clang