CRAN Package Check Results for Package CaPO4Sim

Last updated on 2020-02-18 23:48:26 CET.

Flavor Version Tinstall Tcheck Ttotal Status Flags
r-devel-linux-x86_64-debian-clang 0.1.0 6.93 39.41 46.34 OK
r-devel-linux-x86_64-debian-gcc 0.1.0 5.11 31.46 36.57 OK
r-devel-linux-x86_64-fedora-clang 0.1.0 55.97 NOTE
r-devel-linux-x86_64-fedora-gcc 0.1.0 53.78 NOTE
r-devel-windows-ix86+x86_64 0.1.0 15.00 56.00 71.00 OK
r-devel-windows-ix86+x86_64-gcc8 0.1.0 25.00 80.00 105.00 OK
r-patched-linux-x86_64 0.1.0 6.13 35.03 41.16 OK
r-patched-solaris-x86 0.1.0 74.70 NOTE
r-release-linux-x86_64 0.1.0 5.22 35.82 41.04 OK
r-release-windows-ix86+x86_64 0.1.0 13.00 48.00 61.00 OK
r-release-osx-x86_64 0.1.0 NOTE
r-oldrel-windows-ix86+x86_64 0.1.0 10.00 44.00 54.00 OK
r-oldrel-osx-x86_64 0.1.0 NOTE

Check Details

Version: 0.1.0
Check: dependencies in R code
Result: NOTE
    Namespace in Imports field not imported from: ‘htmltools’
     All declared Imports should be used.
Flavors: r-devel-linux-x86_64-fedora-clang, r-devel-linux-x86_64-fedora-gcc, r-patched-solaris-x86, r-release-osx-x86_64, r-oldrel-osx-x86_64