CRAN Package Check Results for Package CerioliOutlierDetection

Last updated on 2020-02-16 07:47:53 CET.

Flavor Version Tinstall Tcheck Ttotal Status Flags
r-devel-linux-x86_64-debian-clang 1.1.9 2.62 22.88 25.50 OK
r-devel-linux-x86_64-debian-gcc 1.1.9 1.87 19.37 21.24 OK
r-devel-linux-x86_64-fedora-clang 1.1.9 33.20 NOTE
r-devel-linux-x86_64-fedora-gcc 1.1.9 34.09 OK
r-devel-windows-ix86+x86_64 1.1.9 5.00 40.00 45.00 OK
r-devel-windows-ix86+x86_64-gcc8 1.1.9 7.00 49.00 56.00 OK
r-patched-linux-x86_64 1.1.9 2.01 21.24 23.25 OK
r-patched-solaris-x86 1.1.9 45.00 OK
r-release-linux-x86_64 1.1.9 2.03 21.06 23.09 OK
r-release-windows-ix86+x86_64 1.1.9 4.00 36.00 40.00 OK
r-release-osx-x86_64 1.1.9 OK
r-oldrel-windows-ix86+x86_64 1.1.9 3.00 34.00 37.00 OK
r-oldrel-osx-x86_64 1.1.9 OK

Check Details

Version: 1.1.9
Check: package dependencies
Result: NOTE
    Suggests orphaned package: ‘robust’
Flavor: r-devel-linux-x86_64-fedora-clang