CRAN Package Check Results for Package ChemometricsWithR

Last updated on 2020-02-24 07:49:52 CET.

Flavor Version Tinstall Tcheck Ttotal Status Flags
r-devel-linux-x86_64-debian-clang 0.1.13 7.76 59.68 67.44 NOTE
r-devel-linux-x86_64-debian-gcc 0.1.13 NOTE
r-devel-linux-x86_64-fedora-clang 0.1.13 88.28 NOTE
r-devel-linux-x86_64-fedora-gcc 0.1.13 80.50 NOTE
r-devel-windows-ix86+x86_64 0.1.13 18.00 74.00 92.00 OK
r-devel-windows-ix86+x86_64-gcc8 0.1.13 29.00 99.00 128.00 OK
r-patched-linux-x86_64 0.1.13 NOTE
r-patched-solaris-x86 0.1.13 98.50 NOTE
r-release-linux-x86_64 0.1.13 7.26 53.05 60.31 NOTE
r-release-windows-ix86+x86_64 0.1.13 13.00 65.00 78.00 OK
r-release-osx-x86_64 0.1.13 OK
r-oldrel-windows-ix86+x86_64 0.1.13 12.00 70.00 82.00 OK
r-oldrel-osx-x86_64 0.1.13 OK

Check Details

Version: 0.1.13
Check: package dependencies
Result: NOTE
    Package suggested but not available for checking: 'rda'
Flavors: r-devel-linux-x86_64-debian-clang, r-devel-linux-x86_64-debian-gcc, r-devel-linux-x86_64-fedora-clang, r-devel-linux-x86_64-fedora-gcc, r-patched-linux-x86_64, r-patched-solaris-x86, r-release-linux-x86_64