CRAN Package Check Results for Package ClusVis

Last updated on 2020-01-27 07:54:55 CET.

Flavor Version Tinstall Tcheck Ttotal Status Flags
r-devel-linux-x86_64-debian-clang 1.2.0 38.17 79.18 117.35 OK
r-devel-linux-x86_64-debian-gcc 1.2.0 27.75 60.10 87.85 OK
r-devel-linux-x86_64-fedora-clang 1.2.0 148.70 WARN
r-devel-linux-x86_64-fedora-gcc 1.2.0 143.64 OK
r-devel-windows-ix86+x86_64 1.2.0 89.00 156.00 245.00 OK
r-devel-windows-ix86+x86_64-gcc8 1.2.0 126.00 121.00 247.00 OK
r-patched-linux-x86_64 1.2.0 30.89 69.19 100.08 OK
r-patched-solaris-x86 1.2.0 168.90 OK
r-release-linux-x86_64 1.2.0 30.09 68.01 98.10 OK
r-release-windows-ix86+x86_64 1.2.0 72.00 111.00 183.00 OK
r-release-osx-x86_64 1.2.0 OK
r-oldrel-windows-ix86+x86_64 1.2.0 63.00 109.00 172.00 OK
r-oldrel-osx-x86_64 1.2.0 OK

Check Details

Version: 1.2.0
Check: package dependencies
Result: WARN
    Requires orphaned package: ‘Rmixmod’
Flavor: r-devel-linux-x86_64-fedora-clang