CRAN Package Check Results for Package CopulaDTA

Last updated on 2020-01-23 15:47:48 CET.

Flavor Version Tinstall Tcheck Ttotal Status Flags
r-devel-linux-x86_64-debian-clang 1.0.0 8.78 93.83 102.61 OK
r-devel-linux-x86_64-debian-gcc 1.0.0 8.21 71.23 79.44 OK
r-devel-linux-x86_64-fedora-clang 1.0.0 128.48 OK
r-devel-linux-x86_64-fedora-gcc 1.0.0 119.87 OK
r-devel-windows-ix86+x86_64 1.0.0 37.00 151.00 188.00 OK
r-devel-windows-ix86+x86_64-gcc8 1.0.0 31.00 145.00 176.00 OK
r-patched-linux-x86_64 1.0.0 5.92 82.04 87.96 NOTE
r-patched-solaris-x86 1.0.0 165.10 OK
r-release-linux-x86_64 1.0.0 6.69 81.35 88.04 NOTE
r-release-windows-ix86+x86_64 1.0.0 13.00 98.00 111.00 OK
r-release-osx-x86_64 1.0.0 OK
r-oldrel-windows-ix86+x86_64 1.0.0 11.00 96.00 107.00 OK
r-oldrel-osx-x86_64 1.0.0 OK

Additional issues

noSuggests

Check Details

Version: 1.0.0
Check: DESCRIPTION meta-information
Result: NOTE
    Dependence on R version ‘3.4.2’ not with patchlevel 0
Flavors: r-patched-linux-x86_64, r-release-linux-x86_64