CRAN Package Check Results for Package CrossClustering

Last updated on 2020-02-22 07:49:59 CET.

Flavor Version Tinstall Tcheck Ttotal Status Flags
r-devel-linux-x86_64-debian-clang 4.0.3 3.05 46.62 49.67 OK
r-devel-linux-x86_64-debian-gcc 4.0.3 2.37 36.63 39.00 OK
r-devel-linux-x86_64-fedora-clang 4.0.3 59.39 NOTE
r-devel-linux-x86_64-fedora-gcc 4.0.3 57.92 NOTE
r-devel-windows-ix86+x86_64 4.0.3 7.00 61.00 68.00 OK
r-devel-windows-ix86+x86_64-gcc8 4.0.3 11.00 83.00 94.00 OK
r-patched-linux-x86_64 4.0.3 OK
r-patched-solaris-x86 4.0.3 77.00 NOTE
r-release-linux-x86_64 4.0.3 2.53 41.50 44.03 OK
r-release-windows-ix86+x86_64 4.0.3 6.00 64.00 70.00 OK
r-release-osx-x86_64 4.0.3 NOTE
r-oldrel-windows-ix86+x86_64 4.0.3 4.00 59.00 63.00 OK
r-oldrel-osx-x86_64 4.0.3 NOTE

Check Details

Version: 4.0.3
Check: dependencies in R code
Result: NOTE
    Namespace in Imports field not imported from: ‘glue’
     All declared Imports should be used.
Flavors: r-devel-linux-x86_64-fedora-clang, r-devel-linux-x86_64-fedora-gcc, r-patched-solaris-x86, r-release-osx-x86_64, r-oldrel-osx-x86_64