CRAN Package Check Results for Package D3partitionR

Last updated on 2020-01-26 07:52:11 CET.

Flavor Version Tinstall Tcheck Ttotal Status Flags
r-devel-linux-x86_64-debian-clang 0.5.0 3.57 30.70 34.27 OK
r-devel-linux-x86_64-debian-gcc 0.5.0 3.48 23.60 27.08 OK
r-devel-linux-x86_64-fedora-clang 0.5.0 41.81 NOTE
r-devel-linux-x86_64-fedora-gcc 0.5.0 39.94 NOTE
r-devel-windows-ix86+x86_64 0.5.0 13.00 61.00 74.00 OK
r-devel-windows-ix86+x86_64-gcc8 0.5.0 12.00 47.00 59.00 OK
r-patched-linux-x86_64 0.5.0 3.41 27.31 30.72 OK
r-patched-solaris-x86 0.5.0 57.30 NOTE
r-release-linux-x86_64 0.5.0 3.21 27.35 30.56 OK
r-release-windows-ix86+x86_64 0.5.0 8.00 40.00 48.00 OK
r-release-osx-x86_64 0.5.0 NOTE
r-oldrel-windows-ix86+x86_64 0.5.0 5.00 42.00 47.00 OK
r-oldrel-osx-x86_64 0.5.0 NOTE

Check Details

Version: 0.5.0
Check: dependencies in R code
Result: NOTE
    Namespace in Imports field not imported from: ‘titanic’
     All declared Imports should be used.
Flavors: r-devel-linux-x86_64-fedora-clang, r-devel-linux-x86_64-fedora-gcc, r-patched-solaris-x86, r-release-osx-x86_64, r-oldrel-osx-x86_64

Version: 0.5.0
Check: installed package size
Result: NOTE
     installed size is 5.2Mb
     sub-directories of 1Mb or more:
     img 4.7Mb
Flavor: r-patched-solaris-x86