CRAN Package Check Results for Package DataVisualizations

Last updated on 2020-01-18 07:59:43 CET.

Flavor Version Tinstall Tcheck Ttotal Status Flags
r-devel-linux-x86_64-debian-clang 1.1.9 44.77 412.49 457.26 OK
r-devel-linux-x86_64-debian-gcc 1.1.9 33.25 317.28 350.53 OK
r-devel-linux-x86_64-fedora-clang 1.1.9 474.90 NOTE
r-devel-linux-x86_64-fedora-gcc 1.1.9 507.65 OK
r-devel-windows-ix86+x86_64 1.1.9 118.00 475.00 593.00 OK
r-devel-windows-ix86+x86_64-gcc8 1.1.9 93.00 358.00 451.00 NOTE
r-patched-linux-x86_64 1.1.9 36.23 374.78 411.01 OK
r-patched-solaris-x86 1.1.9 886.90 OK
r-release-linux-x86_64 1.1.9 35.33 371.81 407.14 OK
r-release-windows-ix86+x86_64 1.1.9 115.00 472.00 587.00 OK
r-release-osx-x86_64 1.1.9 NOTE
r-oldrel-windows-ix86+x86_64 1.1.9 99.00 434.00 533.00 WARN
r-oldrel-osx-x86_64 1.1.9 NOTE

Check Details

Version: 1.1.9
Check: package dependencies
Result: NOTE
    Suggests orphaned package: ‘gplots’
Flavor: r-devel-linux-x86_64-fedora-clang

Version: 1.1.9
Check: installed package size
Result: NOTE
     installed size is 5.2Mb
     sub-directories of 1Mb or more:
     doc 1.8Mb
     libs 2.1Mb
Flavor: r-devel-windows-ix86+x86_64-gcc8

Version: 1.1.9
Check: dependencies in R code
Result: NOTE
    No protocol specified
Flavors: r-release-osx-x86_64, r-oldrel-osx-x86_64

Version: 1.1.9
Check: whether package can be installed
Result: WARN
    Found the following significant warnings:
     Warning: S3 methods '[.fun_list', '[.grouped_df', 'all.equal.tbl_df', 'anti_join.data.frame', 'anti_join.tbl_df', 'arrange.data.frame', 'arrange.default', 'arrange.grouped_df', 'arrange.tbl_df', 'arrange_.data.frame', 'arrange_.tbl_df', 'as.data.frame.grouped_df', 'as.data.frame.rowwise_df', 'as.data.frame.tbl_cube', 'as.table.tbl_cube', 'as.tbl.data.frame', 'as.tbl.tbl', 'as.tbl_cube.array', 'as.tbl_cube.data.frame', 'as.tbl_cube.matrix', 'as.tbl_cube.table', 'as_tibble.grouped_df', 'as_tibble.tbl_cube', 'auto_copy.tbl_cube', 'auto_copy.tbl_df', 'cbind.grouped_df', 'collapse.data.frame', 'collect.data.frame', 'common_by.NULL', 'common_by.character', 'common_by.default', 'common_by.list', 'compute.data.frame', 'copy_to.DBIConnection', 'copy_to.src_local', 'default_missing.data.frame', 'default_missing.default', 'dim.tbl_cube', 'distinct.data.frame', 'distinct.default', 'distinct.grouped_df', 'distinct.tbl_df', 'distinct_.data.frame', 'distinct_.grouped_df', 'distinct_.tbl_df', 'do.NULL', 'do.da [... truncated]
Flavor: r-oldrel-windows-ix86+x86_64