CRAN Package Check Results for Package DetMCD

Last updated on 2020-02-16 07:47:55 CET.

Flavor Version Tinstall Tcheck Ttotal Status Flags
r-devel-linux-x86_64-debian-clang 0.0.5 34.32 24.92 59.24 OK
r-devel-linux-x86_64-debian-gcc 0.0.5 26.29 21.21 47.50 OK
r-devel-linux-x86_64-fedora-clang 0.0.5 81.32 NOTE
r-devel-linux-x86_64-fedora-gcc 0.0.5 82.64 OK
r-devel-windows-ix86+x86_64 0.0.5 54.00 57.00 111.00 OK
r-devel-windows-ix86+x86_64-gcc8 0.0.5 87.00 74.00 161.00 OK
r-patched-linux-x86_64 0.0.5 27.01 23.68 50.69 OK
r-patched-solaris-x86 0.0.5 75.80 OK
r-release-linux-x86_64 0.0.5 28.82 23.60 52.42 OK
r-release-windows-ix86+x86_64 0.0.5 51.00 54.00 105.00 OK
r-release-osx-x86_64 0.0.5 NOTE
r-oldrel-windows-ix86+x86_64 0.0.5 41.00 51.00 92.00 OK
r-oldrel-osx-x86_64 0.0.5 NOTE

Check Details

Version: 0.0.5
Check: installed package size
Result: NOTE
     installed size is 11.0Mb
     sub-directories of 1Mb or more:
     libs 10.8Mb
Flavors: r-devel-linux-x86_64-fedora-clang, r-release-osx-x86_64, r-oldrel-osx-x86_64