CRAN Package Check Results for Package ECFsup

Last updated on 2020-01-27 07:54:57 CET.

Flavor Version Tinstall Tcheck Ttotal Status Flags
r-devel-linux-x86_64-debian-clang 0.1-2 28.69 29.16 57.85 NOTE
r-devel-linux-x86_64-debian-gcc 0.1-2 21.37 23.22 44.59 NOTE
r-devel-linux-x86_64-fedora-clang 0.1-2 79.45 NOTE
r-devel-linux-x86_64-fedora-gcc 0.1-2 76.25 NOTE
r-devel-windows-ix86+x86_64 0.1-2 80.00 92.00 172.00 OK
r-devel-windows-ix86+x86_64-gcc8 0.1-2 84.00 72.00 156.00 OK
r-patched-linux-x86_64 0.1-2 22.73 27.11 49.84 NOTE
r-patched-solaris-x86 0.1-2 79.40 OK
r-release-linux-x86_64 0.1-2 22.34 26.90 49.24 NOTE
r-release-windows-ix86+x86_64 0.1-2 53.00 59.00 112.00 OK
r-release-osx-x86_64 0.1-2 OK
r-oldrel-windows-ix86+x86_64 0.1-2 44.00 58.00 102.00 OK
r-oldrel-osx-x86_64 0.1-2 OK

Check Details

Version: 0.1-2
Check: use of SHLIB_OPENMP_*FLAGS in Makefiles
Result: NOTE
     src/Makevars: SHLIB_OPENMP_CXXFLAGS is included in PKG_CXXFLAGS but not in PKG_LIBS
     src/Makevars: SHLIB_OPENMP_CFLAGS is included in PKG_LIBS but linking is by C++
     src/Makevars.win: SHLIB_OPENMP_CXXFLAGS is included in PKG_CXXFLAGS but not in PKG_LIBS
     src/Makevars.win: SHLIB_OPENMP_CFLAGS is included in PKG_LIBS but linking is by C++
    Use of these macros is discussed in sect 1.2.1.1 of 'Writing R
    Extensions'. The macros for different languages may differ so the
    matching macro must be used in PKG_CXXFLAGS (etc) and match that used
    in PKG_LIBS (except for Fortran: see the manual).
Flavors: r-devel-linux-x86_64-debian-clang, r-devel-linux-x86_64-debian-gcc, r-devel-linux-x86_64-fedora-clang, r-devel-linux-x86_64-fedora-gcc, r-patched-linux-x86_64, r-release-linux-x86_64