CRAN Package Check Results for Package EValue

Last updated on 2020-02-18 23:48:30 CET.

Flavor Version Tinstall Tcheck Ttotal Status Flags
r-devel-linux-x86_64-debian-clang 2.0.0 8.58 78.60 87.18 OK
r-devel-linux-x86_64-debian-gcc 2.0.0 7.84 59.64 67.48 OK
r-devel-linux-x86_64-fedora-clang 2.0.0 103.38 NOTE
r-devel-linux-x86_64-fedora-gcc 2.0.0 100.47 NOTE
r-devel-windows-ix86+x86_64 2.0.0 20.00 81.00 101.00 OK
r-devel-windows-ix86+x86_64-gcc8 2.0.0 31.00 119.00 150.00 OK
r-patched-linux-x86_64 2.0.0 7.17 65.65 72.82 OK
r-patched-solaris-x86 2.0.0 139.90 NOTE
r-release-linux-x86_64 2.0.0 7.87 65.85 73.72 OK
r-release-windows-ix86+x86_64 2.0.0 17.00 81.00 98.00 OK
r-release-osx-x86_64 2.0.0 NOTE
r-oldrel-windows-ix86+x86_64 2.0.0 9.00 74.00 83.00 OK
r-oldrel-osx-x86_64 2.0.0 NOTE

Check Details

Version: 2.0.0
Check: dependencies in R code
Result: NOTE
    Namespaces in Imports field not imported from:
     ‘devtools’ ‘msm’
     All declared Imports should be used.
Flavors: r-devel-linux-x86_64-fedora-clang, r-devel-linux-x86_64-fedora-gcc, r-patched-solaris-x86, r-release-osx-x86_64, r-oldrel-osx-x86_64