CRAN Package Check Results for Package EloOptimized

Last updated on 2020-01-17 21:47:07 CET.

Flavor Version Tinstall Tcheck Ttotal Status Flags
r-devel-linux-x86_64-debian-clang 0.3.0 5.45 41.90 47.35 OK
r-devel-linux-x86_64-debian-gcc 0.3.0 4.34 32.81 37.15 OK
r-devel-linux-x86_64-fedora-clang 0.3.0 59.08 OK
r-devel-linux-x86_64-fedora-gcc 0.3.0 59.59 OK
r-devel-windows-ix86+x86_64 0.3.0 22.00 84.00 106.00 OK
r-devel-windows-ix86+x86_64-gcc8 0.3.0 14.00 58.00 72.00 OK
r-patched-linux-x86_64 0.3.0 4.93 38.92 43.85 OK
r-patched-solaris-x86 0.3.0 99.70 OK
r-release-linux-x86_64 0.3.0 4.95 39.16 44.11 OK
r-release-windows-ix86+x86_64 0.3.0 22.00 83.00 105.00 OK
r-release-osx-x86_64 0.3.0 FAIL
r-oldrel-windows-ix86+x86_64 0.3.0 9.00 50.00 59.00 OK
r-oldrel-osx-x86_64 0.3.0 OK

Check Details

Version: 0.3.0
Check: whether package can be installed
Result: FAIL
Flavor: r-release-osx-x86_64