CRAN Package Check Results for Package FastBandChol

Last updated on 2020-01-27 07:54:58 CET.

Flavor Version Tinstall Tcheck Ttotal Status Flags
r-devel-linux-x86_64-debian-clang 0.1.1 26.55 24.54 51.09 OK
r-devel-linux-x86_64-debian-gcc 0.1.1 20.29 19.53 39.82 OK
r-devel-linux-x86_64-fedora-clang 0.1.1 70.95 NOTE
r-devel-linux-x86_64-fedora-gcc 0.1.1 68.06 NOTE
r-devel-windows-ix86+x86_64 0.1.1 72.00 72.00 144.00 OK
r-devel-windows-ix86+x86_64-gcc8 0.1.1 78.00 60.00 138.00 OK
r-patched-linux-x86_64 0.1.1 21.86 22.76 44.62 OK
r-patched-solaris-x86 0.1.1 75.50 OK
r-release-linux-x86_64 0.1.1 22.57 22.60 45.17 OK
r-release-windows-ix86+x86_64 0.1.1 55.00 51.00 106.00 OK
r-release-osx-x86_64 0.1.1 OK
r-oldrel-windows-ix86+x86_64 0.1.1 44.00 48.00 92.00 OK
r-oldrel-osx-x86_64 0.1.1 OK

Check Details

Version: 0.1.1
Check: compiled code
Result: NOTE
    File ‘FastBandChol/libs/FastBandChol.so’:
     Found no calls to: ‘R_registerRoutines’, ‘R_useDynamicSymbols’
    
    It is good practice to register native routines and to disable symbol
    search.
    
    See ‘Writing portable packages’ in the ‘Writing R Extensions’ manual.
Flavors: r-devel-linux-x86_64-fedora-clang, r-devel-linux-x86_64-fedora-gcc