CRAN Package Check Results for Package FateID

Last updated on 2020-01-27 07:54:58 CET.

Flavor Version Tinstall Tcheck Ttotal Status Flags
r-devel-linux-x86_64-debian-clang 0.1.9 8.97 173.37 182.34 OK
r-devel-linux-x86_64-debian-gcc 0.1.9 7.26 135.00 142.26 OK
r-devel-linux-x86_64-fedora-clang 0.1.9 280.04 NOTE
r-devel-linux-x86_64-fedora-gcc 0.1.9 280.44 OK
r-devel-windows-ix86+x86_64 0.1.9 24.00 240.00 264.00 OK
r-devel-windows-ix86+x86_64-gcc8 0.1.9 31.00 223.00 254.00 OK
r-patched-linux-x86_64 0.1.9 8.30 164.34 172.64 OK
r-patched-solaris-x86 0.1.9 325.00 NOTE
r-release-linux-x86_64 0.1.9 7.91 165.34 173.25 OK
r-release-windows-ix86+x86_64 0.1.9 20.00 158.00 178.00 OK
r-release-osx-x86_64 0.1.9 WARN
r-oldrel-windows-ix86+x86_64 0.1.9 11.00 184.00 195.00 OK
r-oldrel-osx-x86_64 0.1.9 OK

Check Details

Version: 0.1.9
Check: installed package size
Result: NOTE
     installed size is 5.0Mb
     sub-directories of 1Mb or more:
     doc 4.4Mb
Flavors: r-devel-linux-x86_64-fedora-clang, r-patched-solaris-x86

Version: 0.1.9
Check: package dependencies
Result: NOTE
    Packages suggested but not available for checking: 'DESeq2', 'destiny'
Flavor: r-release-osx-x86_64

Version: 0.1.9
Check: re-building of vignette outputs
Result: WARN
    Error(s) in re-building vignettes:
     ...
    --- re-building ‘FateID.Rmd’ using rmarkdown
    Warning in engine$weave(file, quiet = quiet, encoding = enc) :
     Pandoc (>= 1.12.3) and/or pandoc-citeproc not available. Falling back to R Markdown v1.
    Quitting from lines 141-142 (FateID.Rmd)
    Error: processing vignette 'FateID.Rmd' failed with diagnostics:
    there is no package called 'destiny'
    --- failed re-building ‘FateID.Rmd’
    
    SUMMARY: processing the following file failed:
     ‘FateID.Rmd’
    
    Error: Vignette re-building failed.
    Execution halted
Flavor: r-release-osx-x86_64