CRAN Package Check Results for Package FloodMapper

Last updated on 2020-01-17 21:47:08 CET.

Flavor Version Tinstall Tcheck Ttotal Status Flags
r-devel-linux-x86_64-debian-clang 1.0 11.83 82.27 94.10 OK
r-devel-linux-x86_64-debian-gcc 1.0 9.22 65.37 74.59 OK
r-devel-linux-x86_64-fedora-clang 1.0 109.35 NOTE
r-devel-linux-x86_64-fedora-gcc 1.0 115.57 NOTE
r-devel-windows-ix86+x86_64 1.0 25.00 120.00 145.00 OK
r-devel-windows-ix86+x86_64-gcc8 1.0 20.00 85.00 105.00 OK
r-patched-linux-x86_64 1.0 8.76 71.95 80.71 OK
r-patched-solaris-x86 1.0 147.00 NOTE
r-release-linux-x86_64 1.0 9.94 72.34 82.28 OK
r-release-windows-ix86+x86_64 1.0 21.00 76.00 97.00 OK
r-release-osx-x86_64 1.0 NOTE
r-oldrel-windows-ix86+x86_64 1.0 14.00 74.00 88.00 OK
r-oldrel-osx-x86_64 1.0 NOTE

Check Details

Version: 1.0
Check: dependencies in R code
Result: NOTE
    Namespace in Imports field not imported from: ‘rgdal’
     All declared Imports should be used.
Flavors: r-devel-linux-x86_64-fedora-clang, r-devel-linux-x86_64-fedora-gcc, r-patched-solaris-x86, r-release-osx-x86_64, r-oldrel-osx-x86_64