CRAN Package Check Results for Package ForecastFramework

Last updated on 2020-01-26 07:52:14 CET.

Flavor Version Tinstall Tcheck Ttotal Status Flags
r-devel-linux-x86_64-debian-clang 0.10.3 23.96 188.24 212.20 OK
r-devel-linux-x86_64-debian-gcc 0.10.3 20.33 162.99 183.32 NOTE
r-devel-linux-x86_64-fedora-clang 0.10.3 269.42 OK
r-devel-linux-x86_64-fedora-gcc 0.10.3 274.21 OK
r-devel-windows-ix86+x86_64 0.10.3 48.00 269.00 317.00 OK
r-devel-windows-ix86+x86_64-gcc8 0.10.3 48.00 271.00 319.00 OK
r-patched-linux-x86_64 0.10.3 23.96 184.65 208.61 OK
r-patched-solaris-x86 0.10.3 327.80 OK
r-release-linux-x86_64 0.10.3 21.98 185.70 207.68 OK
r-release-windows-ix86+x86_64 0.10.3 30.00 189.00 219.00 OK
r-release-osx-x86_64 0.10.3 OK
r-oldrel-windows-ix86+x86_64 0.10.3 31.00 176.00 207.00 OK
r-oldrel-osx-x86_64 0.10.3 OK

Check Details

Version: 0.10.3
Check: package dependencies
Result: NOTE
    Package which this enhances but not available for checking: ‘surveillance’
Flavor: r-devel-linux-x86_64-debian-gcc