CRAN Package Check Results for Package GLMaSPU

Last updated on 2020-01-27 07:55:00 CET.

Flavor Version Tinstall Tcheck Ttotal Status Flags
r-devel-linux-x86_64-debian-clang 1.0 36.22 28.21 64.43 OK
r-devel-linux-x86_64-debian-gcc 1.0 23.02 22.44 45.46 OK
r-devel-linux-x86_64-fedora-clang 1.0 78.28 NOTE
r-devel-linux-x86_64-fedora-gcc 1.0 75.09 NOTE
r-devel-windows-ix86+x86_64 1.0 78.00 84.00 162.00 OK
r-devel-windows-ix86+x86_64-gcc8 1.0 82.00 64.00 146.00 OK
r-patched-linux-x86_64 1.0 24.50 25.83 50.33 OK
r-patched-solaris-x86 1.0 77.60 OK
r-release-linux-x86_64 1.0 24.55 25.92 50.47 OK
r-release-windows-ix86+x86_64 1.0 55.00 59.00 114.00 OK
r-release-osx-x86_64 1.0 OK
r-oldrel-windows-ix86+x86_64 1.0 46.00 54.00 100.00 OK
r-oldrel-osx-x86_64 1.0 OK

Check Details

Version: 1.0
Check: compiled code
Result: NOTE
    File ‘GLMaSPU/libs/GLMaSPU.so’:
     Found no calls to: ‘R_registerRoutines’, ‘R_useDynamicSymbols’
    
    It is good practice to register native routines and to disable symbol
    search.
    
    See ‘Writing portable packages’ in the ‘Writing R Extensions’ manual.
Flavors: r-devel-linux-x86_64-fedora-clang, r-devel-linux-x86_64-fedora-gcc