CRAN Package Check Results for Package GeoRange

Last updated on 2020-01-27 07:54:59 CET.

Flavor Version Tinstall Tcheck Ttotal Status Flags
r-devel-linux-x86_64-debian-clang 0.1.0 4.75 39.77 44.52 OK
r-devel-linux-x86_64-debian-gcc 0.1.0 3.94 31.55 35.49 OK
r-devel-linux-x86_64-fedora-clang 0.1.0 54.67 NOTE
r-devel-linux-x86_64-fedora-gcc 0.1.0 53.66 NOTE
r-devel-windows-ix86+x86_64 0.1.0 15.00 77.00 92.00 OK
r-devel-windows-ix86+x86_64-gcc8 0.1.0 17.00 75.00 92.00 OK
r-patched-linux-x86_64 0.1.0 3.63 36.15 39.78 OK
r-patched-solaris-x86 0.1.0 71.40 NOTE
r-release-linux-x86_64 0.1.0 3.60 36.25 39.85 OK
r-release-windows-ix86+x86_64 0.1.0 8.00 49.00 57.00 OK
r-release-osx-x86_64 0.1.0 NOTE
r-oldrel-windows-ix86+x86_64 0.1.0 5.00 76.00 81.00 OK
r-oldrel-osx-x86_64 0.1.0 NOTE

Check Details

Version: 0.1.0
Check: dependencies in R code
Result: NOTE
    Namespace in Imports field not imported from: ‘velociraptr’
     All declared Imports should be used.
Flavors: r-devel-linux-x86_64-fedora-clang, r-devel-linux-x86_64-fedora-gcc, r-patched-solaris-x86, r-release-osx-x86_64, r-oldrel-osx-x86_64