CRAN Package Check Results for Package HRM

Last updated on 2020-01-19 07:56:19 CET.

Flavor Version Tinstall Tcheck Ttotal Status Flags
r-devel-linux-x86_64-debian-clang 1.0.2 36.01 223.83 259.84 NOTE
r-devel-linux-x86_64-debian-gcc 1.0.2 27.75 214.47 242.22 NOTE
r-devel-linux-x86_64-fedora-clang 1.0.2 284.28 NOTE
r-devel-linux-x86_64-fedora-gcc 1.0.2 282.40 NOTE
r-devel-windows-ix86+x86_64 1.0.2 100.00 672.00 772.00 OK
r-devel-windows-ix86+x86_64-gcc8 1.0.2 67.00 536.00 603.00 NOTE
r-patched-linux-x86_64 1.0.2 31.08 195.53 226.61 NOTE
r-patched-solaris-x86 1.0.2 349.50 NOTE
r-release-linux-x86_64 1.0.2 29.99 201.64 231.63 NOTE
r-release-windows-ix86+x86_64 1.0.2 87.00 674.00 761.00 OK
r-release-osx-x86_64 1.0.2 NOTE
r-oldrel-windows-ix86+x86_64 1.0.2 77.00 559.00 636.00 OK
r-oldrel-osx-x86_64 1.0.2 NOTE

Check Details

Version: 1.0.2
Check: package dependencies
Result: NOTE
    Package suggested but not available for checking: 'RGtk2Extras'
Flavors: r-devel-linux-x86_64-debian-clang, r-devel-linux-x86_64-debian-gcc, r-devel-linux-x86_64-fedora-clang, r-devel-linux-x86_64-fedora-gcc, r-devel-windows-ix86+x86_64-gcc8, r-patched-linux-x86_64, r-patched-solaris-x86, r-release-linux-x86_64

Version: 1.0.2
Check: package dependencies
Result: NOTE
    Packages suggested but not available for checking:
     'RGtk2', 'cairoDevice', 'RGtk2Extras'
Flavor: r-release-osx-x86_64

Version: 1.0.2
Check: package dependencies
Result: NOTE
    Packages suggested but not available for checking:
     ‘RGtk2’ ‘cairoDevice’ ‘RGtk2Extras’
Flavor: r-oldrel-osx-x86_64