CRAN Package Check Results for Package HURDAT

Last updated on 2020-02-27 07:49:39 CET.

Flavor Version Tinstall Tcheck Ttotal Status Flags
r-devel-linux-x86_64-debian-clang 0.2.3.1 3.45 38.51 41.96 OK
r-devel-linux-x86_64-debian-gcc 0.2.3.1 2.70 30.89 33.59 OK
r-devel-linux-x86_64-fedora-clang 0.2.3.1 53.96 NOTE
r-devel-linux-x86_64-fedora-gcc 0.2.3.1 51.02 NOTE
r-devel-windows-ix86+x86_64 0.2.3.1 8.00 64.00 72.00 OK
r-devel-windows-ix86+x86_64-gcc8 0.2.3.1 8.00 63.00 71.00 OK
r-patched-linux-x86_64 0.2.3.1 3.08 35.74 38.82 OK
r-patched-solaris-x86 0.2.3.1 81.90 NOTE
r-release-linux-x86_64 0.2.3.1 2.09 35.83 37.92 OK
r-release-windows-ix86+x86_64 0.2.3.1 7.00 60.00 67.00 OK
r-release-osx-x86_64 0.2.3.1 NOTE
r-oldrel-windows-ix86+x86_64 0.2.3.1 3.00 60.00 63.00 OK
r-oldrel-osx-x86_64 0.2.3.1 NOTE

Check Details

Version: 0.2.3.1
Check: dependencies in R code
Result: NOTE
    Namespaces in Imports field not imported from:
     ‘rvest’ ‘xml2’
     All declared Imports should be used.
Flavors: r-devel-linux-x86_64-fedora-clang, r-devel-linux-x86_64-fedora-gcc, r-patched-solaris-x86, r-release-osx-x86_64, r-oldrel-osx-x86_64