CRAN Package Check Results for Package HistogramTools

Last updated on 2019-07-21 23:47:39 CEST.

Flavor Version Tinstall Tcheck Ttotal Status Flags
r-devel-linux-x86_64-debian-clang 0.3.2 9.28 99.44 108.72 OK
r-devel-linux-x86_64-debian-gcc 0.3.2 7.74 79.38 87.12 OK
r-devel-linux-x86_64-fedora-clang 0.3.2 129.20 OK
r-devel-linux-x86_64-fedora-gcc 0.3.2 125.81 OK
r-devel-windows-ix86+x86_64 0.3.2 20.00 200.00 220.00 OK
r-patched-linux-x86_64 0.3.2 8.63 97.03 105.66 OK
r-patched-solaris-x86 0.3.2 207.20 NOTE
r-release-linux-x86_64 0.3.2 10.25 96.92 107.17 OK
r-release-windows-ix86+x86_64 0.3.2 17.00 124.00 141.00 OK
r-release-osx-x86_64 0.3.2 OK
r-oldrel-windows-ix86+x86_64 0.3.2 18.00 155.00 173.00 OK
r-oldrel-osx-x86_64 0.3.2 OK

Check Details

Version: 0.3.2
Check: package dependencies
Result: NOTE
    Package which this enhances but not available for checking: ‘RProtoBuf’
Flavor: r-patched-solaris-x86

Version: 0.3.2
Check: Rd cross-references
Result: NOTE
    Package unavailable to check Rd xrefs: ‘RProtoBuf’
Flavor: r-patched-solaris-x86