CRAN Package Check Results for Package HistogramTools

Last updated on 2019-11-09 08:48:35 CET.

Flavor Version Tinstall Tcheck Ttotal Status Flags
r-devel-linux-x86_64-debian-clang 0.3.2 9.59 100.60 110.19 OK
r-devel-linux-x86_64-debian-gcc 0.3.2 8.21 78.28 86.49 OK
r-devel-linux-x86_64-fedora-clang 0.3.2 136.45 OK
r-devel-linux-x86_64-fedora-gcc 0.3.2 135.21 OK
r-devel-windows-ix86+x86_64 0.3.2 24.00 208.00 232.00 OK
r-patched-linux-x86_64 0.3.2 9.23 93.94 103.17 OK
r-patched-solaris-x86 0.3.2 200.30 NOTE
r-release-linux-x86_64 0.3.2 7.24 95.85 103.09 OK
r-release-windows-ix86+x86_64 0.3.2 32.00 133.00 165.00 OK
r-release-osx-x86_64 0.3.2 OK
r-oldrel-windows-ix86+x86_64 0.3.2 16.00 164.00 180.00 OK
r-oldrel-osx-x86_64 0.3.2 OK

Check Details

Version: 0.3.2
Check: package dependencies
Result: NOTE
    Package which this enhances but not available for checking: ‘RProtoBuf’
Flavor: r-patched-solaris-x86

Version: 0.3.2
Check: Rd cross-references
Result: NOTE
    Package unavailable to check Rd xrefs: ‘RProtoBuf’
Flavor: r-patched-solaris-x86