CRAN Package Check Results for Package KDViz

Last updated on 2020-01-17 21:47:11 CET.

Flavor Version Tinstall Tcheck Ttotal Status Flags
r-devel-linux-x86_64-debian-clang 1.3.1 5.03 98.49 103.52 NOTE
r-devel-linux-x86_64-debian-gcc 1.3.1 3.86 72.87 76.73 NOTE
r-devel-linux-x86_64-fedora-clang 1.3.1 120.47 NOTE
r-devel-linux-x86_64-fedora-gcc 1.3.1 120.04 NOTE
r-devel-windows-ix86+x86_64 1.3.1 18.00 155.00 173.00 OK
r-devel-windows-ix86+x86_64-gcc8 1.3.1 12.00 117.00 129.00 OK
r-patched-linux-x86_64 1.3.1 4.20 90.82 95.02 OK
r-patched-solaris-x86 1.3.1 221.10 NOTE
r-release-linux-x86_64 1.3.1 3.86 88.80 92.66 OK
r-release-windows-ix86+x86_64 1.3.1 16.00 134.00 150.00 OK
r-release-osx-x86_64 1.3.1 NOTE
r-oldrel-windows-ix86+x86_64 1.3.1 8.00 102.00 110.00 OK
r-oldrel-osx-x86_64 1.3.1 NOTE

Check Details

Version: 1.3.1
Check: for non-standard things in the check directory
Result: NOTE
    Found the following files/directories:
     'KDVizGroup1.html' 'KDVizGroup1_files'
Flavors: r-devel-linux-x86_64-debian-clang, r-devel-linux-x86_64-debian-gcc, r-devel-linux-x86_64-fedora-clang, r-devel-linux-x86_64-fedora-gcc

Version: 1.3.1
Check: data for non-ASCII characters
Result: NOTE
     Note: found 11 marked UTF-8 strings
Flavors: r-devel-linux-x86_64-fedora-clang, r-devel-linux-x86_64-fedora-gcc, r-patched-solaris-x86, r-release-osx-x86_64, r-oldrel-osx-x86_64