CRAN Package Check Results for Package MASS

Last updated on 2014-04-23 23:47:38.

Flavor Version Tinstall Tcheck Ttotal Status Flags
r-devel-linux-x86_64-debian-clang 7.3-31 10.34 49.09 59.43 OK
r-devel-linux-x86_64-debian-gcc 7.3-31 9.53 50.45 59.98 OK
r-devel-linux-x86_64-fedora-clang 7.3-31 114.83 OK
r-devel-linux-x86_64-fedora-gcc 7.3-31 109.85 OK
r-devel-osx-x86_64-clang 7.3-31 93.59 OK
r-devel-osx-x86_64-gcc 7.3-31 OK
r-patched-linux-x86_64 7.3-31 10.99 49.20 60.18 OK
r-patched-solaris-sparc 7.3-31 OK
r-patched-solaris-x86 7.3-31 OK
r-release-linux-ix86 7.3-31 19.00 79.00 98.00 OK
r-release-linux-x86_64 7.3-31 10.35 51.87 62.22 OK
r-release-osx-x86_64-mavericks 7.3-31 WARN
r-release-osx-x86_64-snowleopard 7.3-31 OK
r-release-windows-ix86+x86_64 7.3-31 24.00 83.00 107.00 OK
r-oldrel-windows-ix86+x86_64 7.3-31 22.00 94.00 116.00 OK

Check Details

Version: 7.3-31
Check: PDF version of manual
Result: WARNING
    LaTeX errors when creating PDF version.
    This typically indicates Rd problems.
    LaTeX errors found:
    ! LaTeX Error: File `upquote.sty' not found.
    
    Type X to quit or <RETURN> to proceed,
    or enter new name. (Default extension: sty)
    
    4ed2057/Rd2.tex:8: ==> Fatal error occurred, no output PDF file produced!
Flavor: r-release-osx-x86_64-mavericks