CRAN Package Check Results for Package MASS

Last updated on 2015-07-06 09:46:53.

Flavor Version Tinstall Tcheck Ttotal Status Flags
r-devel-linux-x86_64-debian-clang 7.3-42 17.73 44.00 61.73 NOTE
r-devel-linux-x86_64-debian-gcc 7.3-42 9.31 43.28 52.59 NOTE
r-devel-linux-x86_64-fedora-clang 7.3-42 98.39 NOTE
r-devel-linux-x86_64-fedora-gcc 7.3-42 91.91 NOTE
r-devel-osx-x86_64-clang 7.3-42 91.17 OK
r-patched-linux-x86_64 7.3-42 10.17 44.34 54.51 OK
r-patched-solaris-sparc 7.3-42 OK
r-patched-solaris-x86 7.3-42 OK
r-release-linux-x86_64 7.3-42 8.36 44.32 52.68 OK
r-release-osx-x86_64-mavericks 7.3-42 OK
r-release-windows-ix86+x86_64 7.3-42 34.00 94.00 128.00 OK
r-oldrel-windows-ix86+x86_64 7.3-42 34.00 96.00 130.00 OK

Check Details

Version: 7.3-42
Check: R code for possible problems
Result: NOTE
    polr: Error while checking: invalid ‘envir’ argument
Flavors: r-devel-linux-x86_64-debian-clang, r-devel-linux-x86_64-debian-gcc, r-devel-linux-x86_64-fedora-clang, r-devel-linux-x86_64-fedora-gcc