CRAN Package Check Results for Package MiRAnorm

Last updated on 2020-01-16 17:48:14 CET.

Flavor Version Tinstall Tcheck Ttotal Status Flags
r-devel-linux-x86_64-debian-clang 1.0.0 4.70 41.91 46.61 NOTE
r-devel-linux-x86_64-debian-gcc 1.0.0 4.10 31.46 35.56 NOTE
r-devel-linux-x86_64-fedora-clang 1.0.0 56.30 NOTE
r-devel-linux-x86_64-fedora-gcc 1.0.0 58.20 NOTE
r-devel-windows-ix86+x86_64 1.0.0 21.00 77.00 98.00 OK
r-devel-windows-ix86+x86_64-gcc8 1.0.0 15.00 83.00 98.00 OK
r-patched-linux-x86_64 1.0.0 4.33 37.05 41.38 OK
r-patched-solaris-x86 1.0.0 76.10 NOTE
r-release-linux-x86_64 1.0.0 4.29 36.69 40.98 OK
r-release-windows-ix86+x86_64 1.0.0 16.00 54.00 70.00 OK
r-release-osx-x86_64 1.0.0 NOTE
r-oldrel-windows-ix86+x86_64 1.0.0 10.00 54.00 64.00 OK
r-oldrel-osx-x86_64 1.0.0 NOTE

Check Details

Version: 1.0.0
Check: for non-standard things in the check directory
Result: NOTE
    Found the following files/directories:
     'GGplots.pdf' 'Heatmap.pdf'
Flavors: r-devel-linux-x86_64-debian-clang, r-devel-linux-x86_64-debian-gcc, r-devel-linux-x86_64-fedora-clang, r-devel-linux-x86_64-fedora-gcc

Version: 1.0.0
Check: dependencies in R code
Result: NOTE
    Namespaces in Imports field not imported from:
     ‘MASS’ ‘cluster’ ‘dendextend’ ‘npmv’ ‘utils’
     All declared Imports should be used.
Flavors: r-devel-linux-x86_64-fedora-clang, r-devel-linux-x86_64-fedora-gcc, r-patched-solaris-x86, r-release-osx-x86_64, r-oldrel-osx-x86_64