CRAN Package Check Results for Package MixfMRI

Last updated on 2020-01-27 07:55:04 CET.

Flavor Version Tinstall Tcheck Ttotal Status Flags
r-devel-linux-x86_64-debian-clang 0.1-0 14.87 98.16 113.03 OK
r-devel-linux-x86_64-debian-gcc 0.1-0 11.47 74.19 85.66 OK
r-devel-linux-x86_64-fedora-clang 0.1-0 135.16 OK
r-devel-linux-x86_64-fedora-gcc 0.1-0 128.89 OK
r-devel-windows-ix86+x86_64 0.1-0 31.00 204.00 235.00 OK
r-devel-windows-ix86+x86_64-gcc8 0.1-0 36.00 187.00 223.00 OK
r-patched-linux-x86_64 0.1-0 10.53 88.94 99.47 OK
r-patched-solaris-x86 0.1-0 173.70 OK
r-release-linux-x86_64 0.1-0 12.71 87.69 100.40 OK
r-release-windows-ix86+x86_64 0.1-0 24.00 139.00 163.00 OK
r-release-osx-x86_64 0.1-0 NOTE
r-oldrel-windows-ix86+x86_64 0.1-0 20.00 188.00 208.00 OK
r-oldrel-osx-x86_64 0.1-0 NOTE

Check Details

Version: 0.1-0
Check: package dependencies
Result: NOTE
    Package which this enhances but not available for checking: ‘pbdMPI’
Flavors: r-release-osx-x86_64, r-oldrel-osx-x86_64