CRAN Package Check Results for Package MullerPlot

Last updated on 2020-01-16 17:48:15 CET.

Flavor Version Tinstall Tcheck Ttotal Status Flags
r-devel-linux-x86_64-debian-clang 0.1.2 2.55 28.57 31.12 NOTE
r-devel-linux-x86_64-debian-gcc 0.1.2 2.15 22.19 24.34 NOTE
r-devel-linux-x86_64-fedora-clang 0.1.2 38.56 OK
r-devel-linux-x86_64-fedora-gcc 0.1.2 39.56 OK
r-devel-windows-ix86+x86_64 0.1.2 10.00 54.00 64.00 NOTE
r-devel-windows-ix86+x86_64-gcc8 0.1.2 7.00 57.00 64.00 NOTE
r-patched-linux-x86_64 0.1.2 2.00 26.27 28.27 OK
r-patched-solaris-x86 0.1.2 50.10 OK
r-release-linux-x86_64 0.1.2 2.06 25.95 28.01 OK
r-release-windows-ix86+x86_64 0.1.2 9.00 44.00 53.00 OK
r-release-osx-x86_64 0.1.2 OK
r-oldrel-windows-ix86+x86_64 0.1.2 5.00 35.00 40.00 OK
r-oldrel-osx-x86_64 0.1.2 OK

Check Details

Version: 0.1.2
Check: package vignettes
Result: NOTE
    Package vignette with placeholder title 'Vignette Title':
     'MullerPlot.Rmd'
Flavors: r-devel-linux-x86_64-debian-clang, r-devel-linux-x86_64-debian-gcc, r-devel-windows-ix86+x86_64, r-devel-windows-ix86+x86_64-gcc8