CRAN Package Check Results for Package NetworkChange

Last updated on 2020-01-27 07:55:05 CET.

Flavor Version Tinstall Tcheck Ttotal Status Flags
r-devel-linux-x86_64-debian-clang 0.5 22.58 149.27 171.85 OK
r-devel-linux-x86_64-debian-gcc 0.5 20.41 112.36 132.77 OK
r-devel-linux-x86_64-fedora-clang 0.5 205.32 NOTE
r-devel-linux-x86_64-fedora-gcc 0.5 200.88 NOTE
r-devel-windows-ix86+x86_64 0.5 78.00 216.00 294.00 OK
r-devel-windows-ix86+x86_64-gcc8 0.5 84.00 168.00 252.00 OK
r-patched-linux-x86_64 0.5 17.47 127.18 144.65 OK
r-patched-solaris-x86 0.5 266.70 NOTE
r-release-linux-x86_64 0.5 19.06 125.76 144.82 OK
r-release-windows-ix86+x86_64 0.5 39.00 144.00 183.00 OK
r-release-osx-x86_64 0.5 NOTE
r-oldrel-windows-ix86+x86_64 0.5 30.00 129.00 159.00 OK
r-oldrel-osx-x86_64 0.5 NOTE

Check Details

Version: 0.5
Check: dependencies in R code
Result: NOTE
    Namespace in Imports field not imported from: ‘sna’
     All declared Imports should be used.
Flavors: r-devel-linux-x86_64-fedora-clang, r-devel-linux-x86_64-fedora-gcc, r-patched-solaris-x86, r-release-osx-x86_64, r-oldrel-osx-x86_64