CRAN Package Check Results for Package NetworkExtinction

Last updated on 2019-07-21 23:47:43 CEST.

Flavor Version Tinstall Tcheck Ttotal Status Flags
r-devel-linux-x86_64-debian-clang 0.1.0 5.14 59.66 64.80 NOTE
r-devel-linux-x86_64-debian-gcc 0.1.0 4.46 46.75 51.21 NOTE
r-devel-linux-x86_64-fedora-clang 0.1.0 74.94 OK
r-devel-linux-x86_64-fedora-gcc 0.1.0 73.48 OK
r-devel-windows-ix86+x86_64 0.1.0 11.00 69.00 80.00 NOTE
r-patched-linux-x86_64 0.1.0 4.35 58.11 62.46 OK
r-patched-solaris-x86 0.1.0 108.80 OK
r-release-linux-x86_64 0.1.0 5.21 58.24 63.45 OK
r-release-windows-ix86+x86_64 0.1.0 11.00 69.00 80.00 OK
r-release-osx-x86_64 0.1.0 OK
r-oldrel-windows-ix86+x86_64 0.1.0 10.00 96.00 106.00 OK
r-oldrel-osx-x86_64 0.1.0 OK

Check Details

Version: 0.1.0
Check: package vignettes
Result: NOTE
    Package vignette with placeholder title 'Vignette Title':
     'VignetteNetworkExt.Rmd'
Flavors: r-devel-linux-x86_64-debian-clang, r-devel-linux-x86_64-debian-gcc, r-devel-windows-ix86+x86_64