CRAN Package Check Results for Package NlsyLinks

Last updated on 2020-02-18 23:48:38 CET.

Flavor Version Tinstall Tcheck Ttotal Status Flags
r-devel-linux-x86_64-debian-clang 2.0.6 6.45 124.59 131.04 OK
r-devel-linux-x86_64-debian-gcc 2.0.6 5.60 102.64 108.24 OK
r-devel-linux-x86_64-fedora-clang 2.0.6 159.16 NOTE
r-devel-linux-x86_64-fedora-gcc 2.0.6 158.92 OK
r-devel-windows-ix86+x86_64 2.0.6 13.00 148.00 161.00 NOTE
r-devel-windows-ix86+x86_64-gcc8 2.0.6 17.00 186.00 203.00 NOTE
r-patched-linux-x86_64 2.0.6 5.38 113.98 119.36 OK
r-patched-solaris-x86 2.0.6 425.40 NOTE
r-release-linux-x86_64 2.0.6 5.40 113.31 118.71 OK
r-release-windows-ix86+x86_64 2.0.6 11.00 139.00 150.00 NOTE
r-release-osx-x86_64 2.0.6 NOTE
r-oldrel-windows-ix86+x86_64 2.0.6 13.00 109.00 122.00 NOTE
r-oldrel-osx-x86_64 2.0.6 NOTE

Check Details

Version: 2.0.6
Check: installed package size
Result: NOTE
     installed size is 8.6Mb
     sub-directories of 1Mb or more:
     data 4.3Mb
     reports 2.3Mb
Flavors: r-devel-linux-x86_64-fedora-clang, r-devel-windows-ix86+x86_64, r-devel-windows-ix86+x86_64-gcc8, r-patched-solaris-x86, r-release-windows-ix86+x86_64, r-release-osx-x86_64, r-oldrel-windows-ix86+x86_64, r-oldrel-osx-x86_64