CRAN Package Check Results for Package PAFit

Last updated on 2020-01-18 07:59:54 CET.

Flavor Version Tinstall Tcheck Ttotal Status Flags
r-devel-linux-x86_64-debian-clang 1.0.1.6 39.19 191.11 230.30 OK
r-devel-linux-x86_64-debian-gcc 1.0.1.6 28.19 142.09 170.28 OK
r-devel-linux-x86_64-fedora-clang 1.0.1.6 278.32 OK
r-devel-linux-x86_64-fedora-gcc 1.0.1.6 266.83 OK
r-devel-windows-ix86+x86_64 1.0.1.6 92.00 394.00 486.00 OK
r-devel-windows-ix86+x86_64-gcc8 1.0.1.6 76.00 276.00 352.00 OK
r-patched-linux-x86_64 1.0.1.6 32.95 167.95 200.90 OK
r-patched-solaris-x86 1.0.1.6 351.20 OK
r-release-linux-x86_64 1.0.1.6 32.98 165.99 198.97 OK
r-release-windows-ix86+x86_64 1.0.1.6 61.00 371.00 432.00 OK
r-release-osx-x86_64 1.0.1.6 WARN
r-oldrel-windows-ix86+x86_64 1.0.1.6 78.00 255.00 333.00 OK
r-oldrel-osx-x86_64 1.0.1.6 OK

Check Details

Version: 1.0.1.6
Check: dependencies in R code
Result: NOTE
    No protocol specified
    No protocol specified
Flavor: r-release-osx-x86_64

Version: 1.0.1.6
Check: S3 generic/method consistency
Result: WARN
    No protocol specified
    No protocol specified
    See section ‘Generic functions and methods’ in the ‘Writing R
    Extensions’ manual.
Flavor: r-release-osx-x86_64

Version: 1.0.1.6
Check: replacement functions
Result: WARN
    No protocol specified
    No protocol specified
    The argument of a replacement function which corresponds to the right
    hand side must be named ‘value’.
Flavor: r-release-osx-x86_64

Version: 1.0.1.6
Check: foreign function calls
Result: NOTE
    No protocol specified
    No protocol specified
    See chapter ‘System and foreign language interfaces’ in the ‘Writing R
    Extensions’ manual.
Flavor: r-release-osx-x86_64

Version: 1.0.1.6
Check: R code for possible problems
Result: NOTE
    No protocol specified
    No protocol specified
Flavor: r-release-osx-x86_64

Version: 1.0.1.6
Check: for missing documentation entries
Result: WARN
    No protocol specified
    No protocol specified
    All user-level objects in a package should have documentation entries.
    See chapter ‘Writing R documentation files’ in the ‘Writing R
    Extensions’ manual.
Flavor: r-release-osx-x86_64

Version: 1.0.1.6
Check: for code/documentation mismatches
Result: WARN
    No protocol specified
    No protocol specified
    No protocol specified
    No protocol specified
    No protocol specified
    No protocol specified
Flavor: r-release-osx-x86_64

Version: 1.0.1.6
Check: Rd \usage sections
Result: NOTE
    No protocol specified
    No protocol specified
    The \usage entries for S3 methods should use the \method markup and not
    their full name.
    See chapter ‘Writing R documentation files’ in the ‘Writing R
    Extensions’ manual.
Flavor: r-release-osx-x86_64