CRAN Package Check Results for Package PQLseq

Last updated on 2020-01-18 07:59:57 CET.

Flavor Version Tinstall Tcheck Ttotal Status Flags
r-devel-linux-x86_64-debian-clang 1.1 54.08 61.30 115.38 NOTE
r-devel-linux-x86_64-debian-gcc 1.1 38.91 47.62 86.53 NOTE
r-devel-linux-x86_64-fedora-clang 1.1 145.05 NOTE
r-devel-linux-x86_64-fedora-gcc 1.1 147.81 NOTE
r-devel-windows-ix86+x86_64 1.1 119.00 146.00 265.00 OK
r-devel-windows-ix86+x86_64-gcc8 1.1 99.00 116.00 215.00 OK
r-patched-linux-x86_64 1.1 38.72 54.10 92.82 NOTE
r-patched-solaris-x86 1.1 155.80 OK
r-release-linux-x86_64 1.1 40.40 53.79 94.19 NOTE
r-release-windows-ix86+x86_64 1.1 120.00 107.00 227.00 OK
r-release-osx-x86_64 1.1 OK
r-oldrel-windows-ix86+x86_64 1.1 112.00 105.00 217.00 OK
r-oldrel-osx-x86_64 1.1 OK

Check Details

Version: 1.1
Check: use of SHLIB_OPENMP_*FLAGS in Makefiles
Result: NOTE
     src/Makevars: SHLIB_OPENMP_CXXFLAGS is included in PKG_CXXFLAGS but not in PKG_LIBS
     src/Makevars: SHLIB_OPENMP_CFLAGS is included in PKG_LIBS but linking is by C++
     src/Makevars.win: SHLIB_OPENMP_CXXFLAGS is included in PKG_CXXFLAGS but not in PKG_LIBS
     src/Makevars.win: SHLIB_OPENMP_CFLAGS is included in PKG_LIBS but linking is by C++
    Use of these macros is discussed in sect 1.2.1.1 of 'Writing R
    Extensions'. The macros for different languages may differ so the
    matching macro must be used in PKG_CXXFLAGS (etc) and match that used
    in PKG_LIBS (except for Fortran: see the manual).
Flavors: r-devel-linux-x86_64-debian-clang, r-devel-linux-x86_64-debian-gcc, r-devel-linux-x86_64-fedora-clang, r-devel-linux-x86_64-fedora-gcc, r-patched-linux-x86_64, r-release-linux-x86_64