CRAN Package Check Results for Package PenCoxFrail

Last updated on 2020-01-18 07:59:55 CET.

Flavor Version Tinstall Tcheck Ttotal Status Flags
r-devel-linux-x86_64-debian-clang 1.0.1 36.80 62.18 98.98 OK
r-devel-linux-x86_64-debian-gcc 1.0.1 24.86 48.77 73.63 OK
r-devel-linux-x86_64-fedora-clang 1.0.1 123.01 NOTE
r-devel-linux-x86_64-fedora-gcc 1.0.1 123.15 NOTE
r-devel-windows-ix86+x86_64 1.0.1 81.00 137.00 218.00 OK
r-devel-windows-ix86+x86_64-gcc8 1.0.1 67.00 100.00 167.00 OK
r-patched-linux-x86_64 1.0.1 26.43 56.03 82.46 OK
r-patched-solaris-x86 1.0.1 144.30 OK
r-release-linux-x86_64 1.0.1 25.13 55.10 80.23 OK
r-release-windows-ix86+x86_64 1.0.1 88.00 100.00 188.00 OK
r-release-osx-x86_64 1.0.1 OK
r-oldrel-windows-ix86+x86_64 1.0.1 72.00 98.00 170.00 OK
r-oldrel-osx-x86_64 1.0.1 OK

Check Details

Version: 1.0.1
Check: compiled code
Result: NOTE
    File ‘PenCoxFrail/libs/PenCoxFrail.so’:
     Found no calls to: ‘R_registerRoutines’, ‘R_useDynamicSymbols’
    
    It is good practice to register native routines and to disable symbol
    search.
    
    See ‘Writing portable packages’ in the ‘Writing R Extensions’ manual.
Flavors: r-devel-linux-x86_64-fedora-clang, r-devel-linux-x86_64-fedora-gcc