CRAN Package Check Results for Package PhenotypeSimulator

Last updated on 2020-01-22 07:57:12 CET.

Flavor Version Tinstall Tcheck Ttotal Status Flags
r-devel-linux-x86_64-debian-clang 0.3.3 28.28 226.91 255.19 OK
r-devel-linux-x86_64-debian-gcc 0.3.3 21.80 170.59 192.39 OK
r-devel-linux-x86_64-fedora-clang 0.3.3 309.28 NOTE
r-devel-linux-x86_64-fedora-gcc 0.3.3 298.06 OK
r-devel-windows-ix86+x86_64 0.3.3 81.00 443.00 524.00 NOTE
r-devel-windows-ix86+x86_64-gcc8 0.3.3 82.00 433.00 515.00 NOTE
r-patched-linux-x86_64 0.3.3 23.97 201.31 225.28 OK
r-patched-solaris-x86 0.3.3 343.50 NOTE
r-release-linux-x86_64 0.3.3 22.07 200.57 222.64 OK
r-release-windows-ix86+x86_64 0.3.3 56.00 284.00 340.00 NOTE
r-release-osx-x86_64 0.3.3 WARN
r-oldrel-windows-ix86+x86_64 0.3.3 45.00 262.00 307.00 NOTE
r-oldrel-osx-x86_64 0.3.3 WARN

Check Details

Version: 0.3.3
Check: installed package size
Result: NOTE
     installed size is 5.5Mb
     sub-directories of 1Mb or more:
     doc 1.5Mb
     extdata 3.1Mb
Flavors: r-devel-linux-x86_64-fedora-clang, r-devel-windows-ix86+x86_64, r-devel-windows-ix86+x86_64-gcc8, r-patched-solaris-x86, r-release-windows-ix86+x86_64, r-release-osx-x86_64, r-oldrel-windows-ix86+x86_64, r-oldrel-osx-x86_64

Version: 0.3.3
Check: re-building of vignette outputs
Result: WARN
    Error(s) in re-building vignettes:
    --- re-building ‘PhenotypeSimulator.Rmd’ using rmarkdown
    Warning in engine$weave(file, quiet = quiet, encoding = enc) :
     Pandoc (>= 1.12.3) and/or pandoc-citeproc not available. Falling back to R Markdown v1.
    --- finished re-building ‘PhenotypeSimulator.Rmd’
    
    --- re-building ‘Sample-scripts-external-genotype-simulation.Rmd’ using rmarkdown
    Warning in engine$weave(file, quiet = quiet, encoding = enc) :
     Pandoc (>= 1.12.3) and/or pandoc-citeproc not available. Falling back to R Markdown v1.
    Error: processing vignette 'Sample-scripts-external-genotype-simulation.Rmd' failed with diagnostics:
    Failed to locate the ‘weave’ output file (by engine ‘knitr::rmarkdown’) for vignette with name ‘Sample-scripts-external-genotype-simulation’. The following files exist in directory ‘.’: ‘PhenotypeSimulator.R’, ‘PhenotypeSimulator.Rmd’, ‘PhenotypeSimulator.html’, ‘PhenotypeSimulator.md’, ‘Sample-scripts-external-genotype-simulation.R’, ‘Sample-scripts-external-genotype-simulation.Rmd’, ‘Sample-scripts-external-genotype-simulation.md’, ‘Simulation-and-LinearModel.Rmd’, ‘SimulationAndLinearModel.bib’, ‘SimulationBasedOnExampleData.Rmd’, ‘Vignette-example-data.bib’, ‘genotype-simulation.bib’, ‘plos-genetics.csl’, ‘sample-scripts-external-genotype-simulation.html’
    --- failed re-building ‘Sample-scripts-external-genotype-simulation.Rmd’
    
    --- re-building ‘Simulation-and-LinearModel.Rmd’ using rmarkdown
    Warning in engine$weave(file, quiet = quiet, encoding = enc) :
     Pandoc (>= 1.12.3) and/or pandoc-citeproc not available. Falling back to R Markdown v1.
    --- finished re-building ‘Simulation-and-LinearModel.Rmd’
    
    --- re-building ‘SimulationBasedOnExampleData.Rmd’ using rmarkdown
    Warning in engine$weave(file, quiet = quiet, encoding = enc) :
     Pandoc (>= 1.12.3) and/or pandoc-citeproc not available. Falling back to R Markdown v1.
    --- finished re-building ‘SimulationBasedOnExampleData.Rmd’
    
    SUMMARY: processing the following file failed:
     ‘Sample-scripts-external-genotype-simulation.Rmd’
    
    Error: Vignette re-building failed.
    Execution halted
Flavor: r-release-osx-x86_64

Version: 0.3.3
Check: re-building of vignette outputs
Result: WARN
    Error in re-building vignettes:
     ...
    Warning in engine$weave(file, quiet = quiet, encoding = enc) :
     Pandoc (>= 1.12.3) and/or pandoc-citeproc not available. Falling back to R Markdown v1.
    Warning in engine$weave(file, quiet = quiet, encoding = enc) :
     Pandoc (>= 1.12.3) and/or pandoc-citeproc not available. Falling back to R Markdown v1.
    Error: processing vignette 'Sample-scripts-external-genotype-simulation.Rmd' failed with diagnostics:
    Failed to locate the ‘weave’ output file (by engine ‘knitr::rmarkdown’) for vignette with name ‘Sample-scripts-external-genotype-simulation’. The following files exist in directory ‘.’: ‘PhenotypeSimulator.R’, ‘PhenotypeSimulator.Rmd’, ‘PhenotypeSimulator.html’, ‘PhenotypeSimulator.md’, ‘Sample-scripts-external-genotype-simulation.R’, ‘Sample-scripts-external-genotype-simulation.Rmd’, ‘Sample-scripts-external-genotype-simulation.md’, ‘Simulation-and-LinearModel.Rmd’, ‘SimulationAndLinearModel.bib’, ‘SimulationBasedOnExampleData.Rmd’, ‘Vignette-example-data.bib’, ‘genotype-simulation.bib’, ‘plos-genetics.csl’, ‘sample-scripts-external-genotype-simulation.html’
    Execution halted
Flavor: r-oldrel-osx-x86_64