CRAN Package Check Results for Package PupilPre

Last updated on 2020-02-22 07:50:13 CET.

Flavor Version Tinstall Tcheck Ttotal Status Flags
r-devel-linux-x86_64-debian-clang 0.6.1 11.90 127.73 139.63 ERROR
r-devel-linux-x86_64-debian-gcc 0.6.1 10.08 95.32 105.40 OK
r-devel-linux-x86_64-fedora-clang 0.6.1 160.06 OK
r-devel-linux-x86_64-fedora-gcc 0.6.1 158.97 OK
r-devel-windows-ix86+x86_64 0.6.1 23.00 136.00 159.00 OK
r-devel-windows-ix86+x86_64-gcc8 0.6.1 39.00 195.00 234.00 OK
r-patched-linux-x86_64 0.6.1 OK
r-patched-solaris-x86 0.6.1 200.90 OK
r-release-linux-x86_64 0.6.1 8.56 112.44 121.00 OK
r-release-windows-ix86+x86_64 0.6.1 16.00 135.00 151.00 OK
r-release-osx-x86_64 0.6.1 OK
r-oldrel-windows-ix86+x86_64 0.6.1 13.00 125.00 138.00 OK
r-oldrel-osx-x86_64 0.6.1 OK

Check Details

Version: 0.6.1
Check: examples
Result: ERROR
    Running examples in 'PupilPre-Ex.R' failed
    The error most likely occurred in:
    
    > base::assign(".ptime", proc.time(), pos = "CheckExEnv")
    > ### Name: ppl_rm_extra_DVcols
    > ### Title: Checks for and removes unnecessary DV output columns.
    > ### Aliases: ppl_rm_extra_DVcols
    >
    > ### ** Examples
    >
    > # Load example data
    > data("Pupilex1")
    >
    > dat <- ppl_rm_extra_DVcols(Pupilex1, Keep = NULL)
    Checking the data for extra (deletable) DV columns.
    Error in UseMethod("droplevels") :
     no applicable method for 'droplevels' applied to an object of class "character"
    Calls: ppl_rm_extra_DVcols -> message -> paste -> levels -> droplevels
    Execution halted
Flavor: r-devel-linux-x86_64-debian-clang