CRAN Package Check Results for Package R.temis

Last updated on 2020-02-27 07:49:48 CET.

Flavor Version Tinstall Tcheck Ttotal Status Flags
r-devel-linux-x86_64-debian-clang 0.1.2 8.28 74.20 82.48 OK
r-devel-linux-x86_64-debian-gcc 0.1.2 5.93 56.75 62.68 OK
r-devel-linux-x86_64-fedora-clang 0.1.2 96.67 NOTE
r-devel-linux-x86_64-fedora-gcc 0.1.2 92.66 NOTE
r-devel-windows-ix86+x86_64 0.1.2 22.00 90.00 112.00 OK
r-devel-windows-ix86+x86_64-gcc8 0.1.2 22.00 97.00 119.00 OK
r-patched-linux-x86_64 0.1.2 6.53 65.96 72.49 OK
r-patched-solaris-x86 0.1.2 128.40 NOTE
r-release-linux-x86_64 0.1.2 6.79 65.75 72.54 OK
r-release-windows-ix86+x86_64 0.1.2 18.00 89.00 107.00 OK
r-release-osx-x86_64 0.1.2 NOTE
r-oldrel-windows-ix86+x86_64 0.1.2 11.00 87.00 98.00 OK
r-oldrel-osx-x86_64 0.1.2 NOTE

Check Details

Version: 0.1.2
Check: dependencies in R code
Result: NOTE
    Namespace in Imports field not imported from: ‘testthat’
     All declared Imports should be used.
Flavors: r-devel-linux-x86_64-fedora-clang, r-devel-linux-x86_64-fedora-gcc, r-patched-solaris-x86, r-release-osx-x86_64, r-oldrel-osx-x86_64