CRAN Package Check Results for Package RGENERATEPREC

Last updated on 2020-01-27 07:55:13 CET.

Flavor Version Tinstall Tcheck Ttotal Status Flags
r-devel-linux-x86_64-debian-clang 1.2.5 9.24 247.60 256.84 OK
r-devel-linux-x86_64-debian-gcc 1.2.5 9.35 180.84 190.19 OK
r-devel-linux-x86_64-fedora-clang 1.2.5 290.78 OK
r-devel-linux-x86_64-fedora-gcc 1.2.5 287.64 OK
r-devel-windows-ix86+x86_64 1.2.5 23.00 357.00 380.00 OK
r-devel-windows-ix86+x86_64-gcc8 1.2.5 38.00 361.00 399.00 OK
r-patched-linux-x86_64 1.2.5 8.07 213.38 221.45 OK
r-patched-solaris-x86 1.2.5 188.10 WARN
r-release-linux-x86_64 1.2.5 8.45 210.21 218.66 OK
r-release-windows-ix86+x86_64 1.2.5 19.00 248.00 267.00 OK
r-release-osx-x86_64 1.2.5 WARN
r-oldrel-windows-ix86+x86_64 1.2.5 13.00 247.00 260.00 OK
r-oldrel-osx-x86_64 1.2.5 WARN

Check Details

Version: 1.2.5
Check: re-building of vignette outputs
Result: WARN
    Error(s) in re-building vignettes:
     ...
    --- re-building ‘precipitation_stochastic_generation_v6.Rmd’ using rmarkdown
    Warning in engine$weave(file, quiet = quiet, encoding = enc) :
     Pandoc (>= 1.12.3) and/or pandoc-citeproc not available. Falling back to R Markdown v1.
    Loading required package: copula
    Loading required package: RGENERATE
    Loading required package: RMAWGEN
    Loading required package: chron
    Loading required package: date
    Loading required package: vars
    Loading required package: MASS
    Loading required package: strucchange
    Loading required package: zoo
    
    Attaching package: 'zoo'
    
    The following objects are masked from 'package:base':
    
     as.Date, as.Date.numeric
    
    Loading required package: sandwich
    Loading required package: urca
    Loading required package: lmtest
    
    Attaching package: 'vars'
    
    The following object is masked from 'package:copula':
    
     A
    
    Loading required package: blockmatrix
    Loading required package: Matrix
    Loading required package: stringr
    
    Attaching package: 'stringr'
    
    The following object is masked from 'package:strucchange':
    
     boundary
    
    
    Attaching package: 'lubridate'
    
    The following objects are masked from 'package:chron':
    
     days, hours, minutes, seconds, years
    
    The following object is masked from 'package:copula':
    
     interval
    
    The following object is masked from 'package:base':
    
     date
    
    Quitting from lines 50-63 (precipitation_stochastic_generation_v6.Rmd)
    Error: processing vignette 'precipitation_stochastic_generation_v6.Rmd' failed with diagnostics:
    there is no package called 'webshot'
    --- failed re-building ‘precipitation_stochastic_generation_v6.Rmd’
    
    SUMMARY: processing the following file failed:
     ‘precipitation_stochastic_generation_v6.Rmd’
    
    Error: Vignette re-building failed.
    Execution halted
Flavor: r-patched-solaris-x86

Version: 1.2.5
Check: re-building of vignette outputs
Result: WARN
    Error(s) in re-building vignettes:
    --- re-building ‘precipitation_stochastic_generation_v6.Rmd’ using rmarkdown
    Warning in engine$weave(file, quiet = quiet, encoding = enc) :
     Pandoc (>= 1.12.3) and/or pandoc-citeproc not available. Falling back to R Markdown v1.
    Loading required package: copula
    Loading required package: RGENERATE
    Loading required package: RMAWGEN
    Loading required package: chron
    Loading required package: date
    Loading required package: vars
    Loading required package: MASS
    Loading required package: strucchange
    Loading required package: zoo
    
    Attaching package: 'zoo'
    
    The following objects are masked from 'package:base':
    
     as.Date, as.Date.numeric
    
    Loading required package: sandwich
    Loading required package: urca
    Loading required package: lmtest
    
    Attaching package: 'vars'
    
    The following object is masked from 'package:copula':
    
     A
    
    Loading required package: blockmatrix
    Loading required package: Matrix
    Loading required package: stringr
    
    Attaching package: 'stringr'
    
    The following object is masked from 'package:strucchange':
    
     boundary
    
    
    Attaching package: 'lubridate'
    
    The following objects are masked from 'package:chron':
    
     days, hours, minutes, seconds, years
    
    The following object is masked from 'package:copula':
    
     interval
    
    The following object is masked from 'package:base':
    
     date
    
    PhantomJS not found. You can install it with webshot::install_phantomjs(). If it is installed, please make sure the phantomjs executable can be found via the PATH variable.
    Warning in normalizePath(f2) :
     path[1]="webshotd57a81394d3.png": No such file or directory
    Warning in file(con, "rb") :
     cannot open file 'webshotd57a81394d3.png': No such file or directory
    Quitting from lines 50-63 (precipitation_stochastic_generation_v6.Rmd)
    Error: processing vignette 'precipitation_stochastic_generation_v6.Rmd' failed with diagnostics:
    cannot open the connection
    --- failed re-building ‘precipitation_stochastic_generation_v6.Rmd’
    
    SUMMARY: processing the following file failed:
     ‘precipitation_stochastic_generation_v6.Rmd’
    
    Error: Vignette re-building failed.
    Execution halted
Flavor: r-release-osx-x86_64

Version: 1.2.5
Check: re-building of vignette outputs
Result: WARN
    Error in re-building vignettes:
     ...
    
    
    Attaching package: 'lubridate'
    
    The following objects are masked from 'package:chron':
    
     days, hours, minutes, seconds, years
    
    The following object is masked from 'package:copula':
    
     interval
    
    The following object is masked from 'package:base':
    
     date
    
    PhantomJS not found. You can install it with webshot::install_phantomjs(). If it is installed, please make sure the phantomjs executable can be found via the PATH variable.
    Warning in normalizePath(f2) :
     path[1]="webshot17496f892789.png": No such file or directory
    Warning in file(con, "rb") :
     cannot open file 'webshot17496f892789.png': No such file or directory
    Quitting from lines 50-63 (precipitation_stochastic_generation_v6.Rmd)
    Error: processing vignette 'precipitation_stochastic_generation_v6.Rmd' failed with diagnostics:
    cannot open the connection
    Execution halted
Flavor: r-oldrel-osx-x86_64