CRAN Package Check Results for Package RInno

Last updated on 2020-01-18 07:59:59 CET.

Flavor Version Tinstall Tcheck Ttotal Status Flags
r-devel-windows-ix86+x86_64 1.0.1 16.00 279.00 295.00 OK
r-devel-windows-ix86+x86_64-gcc8 1.0.1 14.00 199.00 213.00 OK
r-release-windows-ix86+x86_64 1.0.1 12.00 247.00 259.00 OK
r-release-osx-x86_64 1.0.1 NOTE
r-oldrel-windows-ix86+x86_64 1.0.1 12.00 244.00 256.00 OK
r-oldrel-osx-x86_64 1.0.1 NOTE

Check Details

Version: 1.0.1
Check: dependencies in R code
Result: NOTE
    Namespaces in Imports field not imported from:
     ‘httr’ ‘remotes’ ‘rmarkdown’ ‘shiny’
     All declared Imports should be used.
Flavors: r-release-osx-x86_64, r-oldrel-osx-x86_64

Version: 1.0.1
Check: Rd cross-references
Result: NOTE
    Package unavailable to check Rd xrefs: ‘installr’
Flavors: r-release-osx-x86_64, r-oldrel-osx-x86_64