CRAN Package Check Results for Package RNeXML

Last updated on 2020-01-19 07:56:29 CET.

Flavor Version Tinstall Tcheck Ttotal Status Flags
r-devel-linux-x86_64-debian-clang 2.4.0 18.59 353.20 371.79 NOTE
r-devel-linux-x86_64-debian-gcc 2.4.0 15.11 261.16 276.27 NOTE
r-devel-linux-x86_64-fedora-clang 2.4.0 472.43 NOTE
r-devel-linux-x86_64-fedora-gcc 2.4.0 403.52 NOTE
r-devel-windows-ix86+x86_64 2.4.0 48.00 462.00 510.00 NOTE
r-devel-windows-ix86+x86_64-gcc8 2.4.0 36.00 464.00 500.00 NOTE
r-patched-linux-x86_64 2.4.0 14.96 297.96 312.92 NOTE
r-patched-solaris-x86 2.4.0 452.40 NOTE
r-release-linux-x86_64 2.4.0 14.56 297.23 311.79 NOTE
r-release-windows-ix86+x86_64 2.4.0 39.00 420.00 459.00 NOTE
r-release-osx-x86_64 2.4.0 NOTE
r-oldrel-windows-ix86+x86_64 2.4.0 27.00 435.00 462.00 NOTE
r-oldrel-osx-x86_64 2.4.0 NOTE

Check Details

Version: 2.4.0
Check: package dependencies
Result: NOTE
    Package suggested but not available for checking: 'taxadb'
Flavors: r-devel-linux-x86_64-debian-clang, r-devel-linux-x86_64-debian-gcc, r-devel-linux-x86_64-fedora-gcc, r-devel-windows-ix86+x86_64, r-devel-windows-ix86+x86_64-gcc8, r-patched-linux-x86_64, r-patched-solaris-x86, r-release-linux-x86_64, r-release-windows-ix86+x86_64, r-release-osx-x86_64, r-oldrel-windows-ix86+x86_64, r-oldrel-osx-x86_64

Version: 2.4.0
Check: package dependencies
Result: NOTE
    Package suggested but not available for checking: ‘taxadb’
    
    Suggests orphaned package: ‘geiger’
Flavor: r-devel-linux-x86_64-fedora-clang