CRAN Package Check Results for Package ROI.plugin.scs

Last updated on 2019-11-09 08:48:45 CET.

Flavor Version Tinstall Tcheck Ttotal Status Flags
r-devel-linux-x86_64-debian-clang 0.3-1 6.33 166.61 172.94 OK
r-devel-linux-x86_64-debian-gcc 0.3-1 5.51 113.24 118.75 OK
r-devel-linux-x86_64-fedora-clang 0.3-1 178.46 OK
r-devel-linux-x86_64-fedora-gcc 0.3-1 146.24 OK
r-devel-windows-ix86+x86_64 0.3-1 15.00 83.00 98.00 OK
r-patched-linux-x86_64 0.3-1 5.40 152.44 157.84 OK
r-patched-solaris-x86 0.3-1 3.60 ERROR
r-release-linux-x86_64 0.3-1 5.31 154.78 160.09 OK
r-release-windows-ix86+x86_64 0.3-1 20.00 107.00 127.00 OK
r-release-osx-x86_64 0.3-1 OK
r-oldrel-windows-ix86+x86_64 0.3-1 8.00 113.00 121.00 OK
r-oldrel-osx-x86_64 0.3-1 OK

Check Details

Version: 0.3-1
Check: package dependencies
Result: ERROR
    Package required but not available: ‘scs’
    
    See section ‘The DESCRIPTION file’ in the ‘Writing R Extensions’
    manual.
Flavor: r-patched-solaris-x86