CRAN Package Check Results for Package ROpenCVLite

Last updated on 2020-02-18 23:48:45 CET.

Flavor Version Tinstall Tcheck Ttotal Status Flags
r-devel-linux-x86_64-debian-clang 0.3.412 2.29 23.07 25.36 OK
r-devel-linux-x86_64-debian-gcc 0.3.412 1.80 18.59 20.39 OK
r-devel-linux-x86_64-fedora-clang 0.3.412 31.75 OK
r-devel-linux-x86_64-fedora-gcc 0.3.412 30.85 OK
r-devel-windows-ix86+x86_64 0.3.412 5.00 34.00 39.00 OK
r-devel-windows-ix86+x86_64-gcc8 0.3.412 8.00 45.00 53.00 OK
r-patched-linux-x86_64 0.3.412 1.91 21.06 22.97 OK
r-patched-solaris-x86 0.3.412 42.10 OK
r-release-linux-x86_64 0.3.412 1.65 21.47 23.12 OK
r-release-windows-ix86+x86_64 0.3.412 5.00 35.00 40.00 OK
r-release-osx-x86_64 0.3.412 WARN
r-oldrel-windows-ix86+x86_64 0.3.412 3.00 33.00 36.00 OK
r-oldrel-osx-x86_64 0.3.412 WARN

Check Details

Version: 0.3.412
Check: dependencies in R code
Result: NOTE
    sh: cmake: command not found
Flavors: r-release-osx-x86_64, r-oldrel-osx-x86_64

Version: 0.3.412
Check: S3 generic/method consistency
Result: WARN
    sh: cmake: command not found
    See section ‘Generic functions and methods’ in the ‘Writing R
    Extensions’ manual.
Flavors: r-release-osx-x86_64, r-oldrel-osx-x86_64

Version: 0.3.412
Check: replacement functions
Result: WARN
    sh: cmake: command not found
    The argument of a replacement function which corresponds to the right
    hand side must be named ‘value’.
Flavors: r-release-osx-x86_64, r-oldrel-osx-x86_64

Version: 0.3.412
Check: foreign function calls
Result: NOTE
    sh: cmake: command not found
    See chapter ‘System and foreign language interfaces’ in the ‘Writing R
    Extensions’ manual.
Flavors: r-release-osx-x86_64, r-oldrel-osx-x86_64

Version: 0.3.412
Check: for missing documentation entries
Result: WARN
    sh: cmake: command not found
    All user-level objects in a package should have documentation entries.
    See chapter ‘Writing R documentation files’ in the ‘Writing R
    Extensions’ manual.
Flavors: r-release-osx-x86_64, r-oldrel-osx-x86_64

Version: 0.3.412
Check: for code/documentation mismatches
Result: WARN
    sh: cmake: command not found
    sh: cmake: command not found
    sh: cmake: command not found
Flavors: r-release-osx-x86_64, r-oldrel-osx-x86_64

Version: 0.3.412
Check: Rd \usage sections
Result: NOTE
    sh: cmake: command not found
    The \usage entries for S3 methods should use the \method markup and not
    their full name.
    See chapter ‘Writing R documentation files’ in the ‘Writing R
    Extensions’ manual.
Flavors: r-release-osx-x86_64, r-oldrel-osx-x86_64